Last updated on 2021-01-20 06:46:50 CET.
Flavor | Version | Tinstall | Tcheck | Ttotal | Status | Flags |
---|---|---|---|---|---|---|
r-devel-linux-x86_64-debian-clang | 0.1.0 | 5.20 | 50.54 | 55.74 | OK | |
r-devel-linux-x86_64-debian-gcc | 0.1.0 | 3.83 | 38.20 | 42.03 | OK | |
r-devel-linux-x86_64-fedora-clang | 0.1.0 | 75.59 | NOTE | |||
r-devel-linux-x86_64-fedora-gcc | 0.1.0 | 64.24 | NOTE | |||
r-devel-windows-ix86+x86_64 | 0.1.0 | 12.00 | 55.00 | 67.00 | OK | |
r-patched-linux-x86_64 | 0.1.0 | 5.13 | 47.02 | 52.15 | OK | |
r-patched-solaris-x86 | 0.1.0 | 97.70 | NOTE | |||
r-release-linux-x86_64 | 0.1.0 | 4.66 | 47.10 | 51.76 | OK | |
r-release-macos-x86_64 | 0.1.0 | NOTE | ||||
r-release-windows-ix86+x86_64 | 0.1.0 | 12.00 | 49.00 | 61.00 | OK | |
r-oldrel-macos-x86_64 | 0.1.0 | NOTE | ||||
r-oldrel-windows-ix86+x86_64 | 0.1.0 | 9.00 | 47.00 | 56.00 | OK |
Version: 0.1.0
Check: data for non-ASCII characters
Result: NOTE
Note: found 11396 marked UTF-8 strings
Flavors: r-devel-linux-x86_64-fedora-clang, r-devel-linux-x86_64-fedora-gcc, r-patched-solaris-x86, r-release-macos-x86_64, r-oldrel-macos-x86_64