Last updated on 2021-03-07 06:48:08 CET.
Flavor | Version | Tinstall | Tcheck | Ttotal | Status | Flags |
---|---|---|---|---|---|---|
r-devel-linux-x86_64-debian-clang | 2.3.0 | 14.73 | 24.61 | 39.34 | OK | |
r-devel-linux-x86_64-debian-gcc | 2.3.0 | 10.92 | 18.93 | 29.85 | OK | |
r-devel-linux-x86_64-fedora-clang | 2.3.0 | 58.48 | NOTE | |||
r-devel-linux-x86_64-fedora-gcc | 2.3.0 | 47.64 | OK | |||
r-devel-windows-ix86+x86_64 | 2.3.0 | 73.00 | 43.00 | 116.00 | NOTE | |
r-devel-windows-x86_64-gcc10-UCRT | 2.3.0 | OK | ||||
r-patched-linux-x86_64 | 2.3.0 | 16.41 | 23.68 | 40.09 | OK | |
r-patched-solaris-x86 | 2.3.0 | 75.00 | NOTE | |||
r-release-linux-x86_64 | 2.3.0 | 19.04 | 24.09 | 43.13 | OK | |
r-release-macos-x86_64 | 2.3.0 | NOTE | ||||
r-release-windows-ix86+x86_64 | 2.3.0 | 71.00 | 41.00 | 112.00 | NOTE | |
r-oldrel-macos-x86_64 | 2.3.0 | NOTE | ||||
r-oldrel-windows-ix86+x86_64 | 2.3.0 | 83.00 | 29.00 | 112.00 | NOTE |
Version: 2.3.0
Check: installed package size
Result: NOTE
installed size is 33.5Mb
sub-directories of 1Mb or more:
mapdata 33.4Mb
Flavors: r-devel-linux-x86_64-fedora-clang, r-devel-windows-ix86+x86_64, r-patched-solaris-x86, r-release-macos-x86_64, r-release-windows-ix86+x86_64, r-oldrel-macos-x86_64, r-oldrel-windows-ix86+x86_64