CRAN Package Check Results for Package mappoly

Last updated on 2021-04-11 06:47:04 CEST.

Flavor Version Tinstall Tcheck Ttotal Status Flags
r-devel-linux-x86_64-debian-clang 0.2.1 141.01 355.20 496.21 WARN
r-devel-linux-x86_64-debian-gcc 0.2.1 97.60 252.41 350.01 WARN
r-devel-linux-x86_64-fedora-clang 0.2.1 624.70 WARN
r-devel-linux-x86_64-fedora-gcc 0.2.1 621.49 WARN
r-devel-windows-ix86+x86_64 0.2.1 222.00 503.00 725.00 WARN
r-devel-windows-x86_64-gcc10-UCRT 0.2.1 WARN
r-patched-linux-x86_64 0.2.1 115.25 324.55 439.80 OK
r-patched-solaris-x86 0.2.1 783.70 NOTE
r-release-linux-x86_64 0.2.1 114.84 321.87 436.71 OK
r-release-macos-x86_64 0.2.1 NOTE
r-release-windows-ix86+x86_64 0.2.1 307.00 699.00 1006.00 NOTE
r-oldrel-macos-x86_64 0.2.1 NOTE
r-oldrel-windows-ix86+x86_64 0.2.1 273.00 507.00 780.00 NOTE

Check Details

Version: 0.2.1
Check: LazyData
Result: WARN
     LazyData DB of 8.0 MB without LazyDataCompression set
     See ยง1.1.6 of 'Writing R Extensions'
Flavors: r-devel-linux-x86_64-debian-clang, r-devel-linux-x86_64-debian-gcc, r-devel-linux-x86_64-fedora-clang, r-devel-linux-x86_64-fedora-gcc, r-devel-windows-ix86+x86_64, r-devel-windows-x86_64-gcc10-UCRT

Version: 0.2.1
Check: installed package size
Result: NOTE
     installed size is 16.2Mb
     sub-directories of 1Mb or more:
     R 2.6Mb
     data 8.1Mb
     libs 5.1Mb
Flavors: r-devel-linux-x86_64-fedora-clang, r-devel-windows-ix86+x86_64, r-patched-solaris-x86, r-release-macos-x86_64, r-release-windows-ix86+x86_64, r-oldrel-macos-x86_64, r-oldrel-windows-ix86+x86_64