CRAN Package Check Results for Package mapproj

Last updated on 2019-09-22 13:46:15 CEST.

Flavor Version Tinstall Tcheck Ttotal Status Flags
r-devel-linux-x86_64-debian-clang 1.2.6 7.82 17.95 25.77 WARN
r-devel-linux-x86_64-debian-gcc 1.2.6 4.92 14.79 19.71 WARN
r-devel-linux-x86_64-fedora-clang 1.2.6 33.33 WARN
r-devel-linux-x86_64-fedora-gcc 1.2.6 30.41 WARN
r-devel-windows-ix86+x86_64 1.2.6 50.00 41.00 91.00 WARN
r-patched-linux-x86_64 1.2.6 4.93 17.78 22.71 OK
r-patched-solaris-x86 1.2.6 46.70 OK
r-release-linux-x86_64 1.2.6 4.97 17.95 22.92 OK
r-release-windows-ix86+x86_64 1.2.6 41.00 39.00 80.00 OK
r-release-osx-x86_64 1.2.6 OK
r-oldrel-windows-ix86+x86_64 1.2.6 42.00 41.00 83.00 OK
r-oldrel-osx-x86_64 1.2.6 OK

Check Details

Version: 1.2.6
Check: whether package can be installed
Result: WARN
    Found the following significant warnings:
     cuts.c:24:2: warning: expression result unused [-Wunused-value]
     cuts.c:24:5: warning: expression result unused [-Wunused-value]
     cuts.c:24:9: warning: expression result unused [-Wunused-value]
     cuts.c:32:2: warning: expression result unused [-Wunused-value]
     cuts.c:32:6: warning: expression result unused [-Wunused-value]
     cuts.c:32:10: warning: expression result unused [-Wunused-value]
Flavors: r-devel-linux-x86_64-debian-clang, r-devel-linux-x86_64-fedora-clang

Version: 1.2.6
Check: whether package can be installed
Result: WARN
    Found the following significant warnings:
     cuts.c:24:2: warning: statement with no effect [-Wunused-value]
     cuts.c:24:5: warning: statement with no effect [-Wunused-value]
     cuts.c:24:9: warning: statement with no effect [-Wunused-value]
     cuts.c:32:2: warning: statement with no effect [-Wunused-value]
     cuts.c:32:6: warning: statement with no effect [-Wunused-value]
     cuts.c:32:10: warning: statement with no effect [-Wunused-value]
Flavors: r-devel-linux-x86_64-debian-gcc, r-devel-linux-x86_64-fedora-gcc, r-devel-windows-ix86+x86_64