CRAN Package Check Results for Package mapsapi

Last updated on 2021-01-20 06:46:50 CET.

Flavor Version Tinstall Tcheck Ttotal Status Flags
r-devel-linux-x86_64-debian-clang 0.4.8 5.73 87.20 92.93 OK
r-devel-linux-x86_64-debian-gcc 0.4.8 4.49 63.77 68.26 OK
r-devel-linux-x86_64-fedora-clang 0.4.8 121.49 NOTE
r-devel-linux-x86_64-fedora-gcc 0.4.8 111.47 NOTE
r-devel-windows-ix86+x86_64 0.4.8 14.00 93.00 107.00 OK
r-patched-linux-x86_64 0.4.8 6.12 84.86 90.98 OK
r-patched-solaris-x86 0.4.8 142.50 WARN
r-release-linux-x86_64 0.4.8 5.55 85.72 91.27 OK
r-release-macos-x86_64 0.4.8 WARN
r-release-windows-ix86+x86_64 0.4.8 13.00 90.00 103.00 OK
r-oldrel-macos-x86_64 0.4.8 WARN
r-oldrel-windows-ix86+x86_64 0.4.8 10.00 79.00 89.00 OK

Check Details

Version: 0.4.8
Check: data for non-ASCII characters
Result: NOTE
     Note: found 55 marked UTF-8 strings
Flavors: r-devel-linux-x86_64-fedora-clang, r-devel-linux-x86_64-fedora-gcc, r-patched-solaris-x86, r-release-macos-x86_64, r-oldrel-macos-x86_64

Version: 0.4.8
Check: re-building of vignette outputs
Result: WARN
    Error(s) in re-building vignettes:
     ...
    --- re-building ‘intro.Rmd’ using rmarkdown
    Warning in engine$weave(file, quiet = quiet, encoding = enc) :
     Pandoc (>= 1.12.3) and/or pandoc-citeproc not available. Falling back to R Markdown v1.
    Quitting from lines 114-119 (intro.Rmd)
    Error: processing vignette 'intro.Rmd' failed with diagnostics:
    there is no package called 'webshot'
    --- failed re-building ‘intro.Rmd’
    
    SUMMARY: processing the following file failed:
     ‘intro.Rmd’
    
    Error: Vignette re-building failed.
    Execution halted
Flavor: r-patched-solaris-x86

Version: 0.4.8
Check: re-building of vignette outputs
Result: WARN
    Error(s) in re-building vignettes:
     ...
    --- re-building ‘intro.Rmd’ using rmarkdown
    Warning in engine$weave(file, quiet = quiet, encoding = enc) :
     Pandoc (>= 1.12.3) and/or pandoc-citeproc not available. Falling back to R Markdown v1.
    Quitting from lines 114-119 (intro.Rmd)
    Error: processing vignette 'intro.Rmd' failed with diagnostics:
    cannot open the connection
    --- failed re-building ‘intro.Rmd’
    
    SUMMARY: processing the following file failed:
     ‘intro.Rmd’
    
    Error: Vignette re-building failed.
    Execution halted
Flavors: r-release-macos-x86_64, r-oldrel-macos-x86_64