CRAN Package Check Results for Package mapview

Last updated on 2019-11-19 13:47:43 CET.

Flavor Version Tinstall Tcheck Ttotal Status Flags
r-devel-linux-x86_64-debian-clang 2.7.0 39.56 110.83 150.39 OK
r-devel-linux-x86_64-debian-gcc 2.7.0 32.20 89.91 122.11 OK
r-devel-linux-x86_64-fedora-clang 2.7.0 186.54 NOTE
r-devel-linux-x86_64-fedora-gcc 2.7.0 193.62 NOTE
r-devel-windows-ix86+x86_64 2.7.0 112.00 183.00 295.00 OK
r-devel-windows-ix86+x86_64-gcc8 2.7.0 79.00 163.00 242.00 NOTE
r-patched-linux-x86_64 2.7.0 33.19 103.04 136.23 OK
r-patched-solaris-x86 2.7.0 242.50 NOTE
r-release-linux-x86_64 2.7.0 31.89 103.19 135.08 OK
r-release-windows-ix86+x86_64 2.7.0 64.00 152.00 216.00 OK
r-release-osx-x86_64 2.7.0 NOTE
r-oldrel-windows-ix86+x86_64 2.7.0 52.00 161.00 213.00 OK
r-oldrel-osx-x86_64 2.7.0 NOTE

Check Details

Version: 2.7.0
Check: dependencies in R code
Result: NOTE
    Namespaces in Imports field not imported from:
     ‘brew’ ‘svglite’ ‘uuid’
     All declared Imports should be used.
Flavors: r-devel-linux-x86_64-fedora-clang, r-devel-linux-x86_64-fedora-gcc, r-patched-solaris-x86, r-release-osx-x86_64, r-oldrel-osx-x86_64

Version: 2.7.0
Check: installed package size
Result: NOTE
     installed size is 5.1Mb
     sub-directories of 1Mb or more:
     libs 2.1Mb
Flavor: r-devel-windows-ix86+x86_64-gcc8