CRAN Package Check Results for Package mapview

Last updated on 2020-07-07 13:50:53 CEST.

Flavor Version Tinstall Tcheck Ttotal Status Flags
r-devel-linux-x86_64-debian-clang 2.7.8 16.94 158.97 175.91 OK
r-devel-linux-x86_64-debian-gcc 2.7.8 14.18 123.43 137.61 OK
r-devel-linux-x86_64-fedora-clang 2.7.8 226.59 NOTE
r-devel-linux-x86_64-fedora-gcc 2.7.8 222.05 OK
r-devel-windows-ix86+x86_64 2.7.8 34.00 170.00 204.00 OK
r-patched-linux-x86_64 2.7.8 18.05 157.28 175.33 OK
r-patched-solaris-x86 2.7.8 292.90 OK
r-release-linux-x86_64 2.7.8 16.57 159.37 175.94 OK
r-release-osx-x86_64 2.7.8 OK
r-release-windows-ix86+x86_64 2.7.8 47.00 144.00 191.00 OK
r-oldrel-osx-x86_64 2.7.8 OK
r-oldrel-windows-ix86+x86_64 2.7.8 52.00 225.00 277.00 OK

Check Details

Version: 2.7.8
Check: Rd cross-references
Result: NOTE
    Undeclared packages ‘leafsync’, ‘slideview’ in Rd xrefs
Flavor: r-devel-linux-x86_64-fedora-clang