CRAN Package Check Results for Package mauricer

Last updated on 2021-04-13 06:46:55 CEST.

Flavor Version Tinstall Tcheck Ttotal Status Flags
r-devel-linux-x86_64-debian-clang 2.3 2.58 26.69 29.27 NOTE
r-devel-linux-x86_64-debian-gcc 2.3 1.91 20.70 22.61 NOTE
r-devel-linux-x86_64-fedora-clang 2.3 44.53 NOTE
r-devel-linux-x86_64-fedora-gcc 2.3 34.68 NOTE
r-devel-windows-ix86+x86_64 2.3 9.00 33.00 42.00 NOTE
r-devel-windows-x86_64-gcc10-UCRT 2.3 NOTE
r-patched-linux-x86_64 2.3 2.67 25.80 28.47 OK
r-patched-solaris-x86 2.3 54.70 NOTE
r-release-linux-x86_64 2.3 2.48 25.63 28.11 OK
r-release-macos-x86_64 2.3 NOTE
r-release-windows-ix86+x86_64 2.3 8.00 42.00 50.00 OK
r-oldrel-macos-x86_64 2.3 NOTE
r-oldrel-windows-ix86+x86_64 2.3 3.00 31.00 34.00 OK

Check Details

Version: 2.3
Check: LazyData
Result: NOTE
     'LazyData' is specified without a 'data' directory
Flavors: r-devel-linux-x86_64-debian-clang, r-devel-linux-x86_64-debian-gcc, r-devel-linux-x86_64-fedora-clang, r-devel-linux-x86_64-fedora-gcc, r-devel-windows-ix86+x86_64, r-devel-windows-x86_64-gcc10-UCRT

Version: 2.3
Check: dependencies in R code
Result: NOTE
    Namespace in Imports field not imported from: ‘curl’
     All declared Imports should be used.
Flavors: r-devel-linux-x86_64-fedora-clang, r-devel-linux-x86_64-fedora-gcc, r-devel-windows-x86_64-gcc10-UCRT, r-patched-solaris-x86, r-release-macos-x86_64, r-oldrel-macos-x86_64

Version: 2.3
Check: Rd cross-references
Result: NOTE
    Undeclared package ‘tracerer’ in Rd xrefs
Flavor: r-devel-linux-x86_64-fedora-clang