CRAN Package Check Results for Package mdir.logrank

Last updated on 2019-08-21 10:47:31 CEST.

Flavor Version Tinstall Tcheck Ttotal Status Flags
r-devel-linux-x86_64-debian-clang 0.0.4 3.25 27.65 30.90 OK
r-devel-linux-x86_64-debian-gcc 0.0.4 2.11 22.08 24.19 OK
r-devel-linux-x86_64-fedora-clang 0.0.4 39.79 OK
r-devel-linux-x86_64-fedora-gcc 0.0.4 35.94 OK
r-devel-windows-ix86+x86_64 0.0.4 9.00 52.00 61.00 OK
r-patched-linux-x86_64 0.0.4 2.54 27.15 29.69 OK
r-patched-solaris-x86 0.0.4 54.10 OK
r-release-linux-x86_64 0.0.4 2.79 27.37 30.16 OK
r-release-windows-ix86+x86_64 0.0.4 5.00 37.00 42.00 OK
r-release-osx-x86_64 0.0.4 NOTE
r-oldrel-windows-ix86+x86_64 0.0.4 5.00 50.00 55.00 OK
r-oldrel-osx-x86_64 0.0.4 NOTE

Check Details

Version: 0.0.4
Check: package dependencies
Result: NOTE
    Package suggested but not available for checking: ‘RGtk2’
Flavors: r-release-osx-x86_64, r-oldrel-osx-x86_64