CRAN Package Check Results for Package mdir.logrank

Last updated on 2019-12-11 13:47:38 CET.

Flavor Version Tinstall Tcheck Ttotal Status Flags
r-devel-linux-x86_64-debian-clang 0.0.4 3.03 29.28 32.31 OK
r-devel-linux-x86_64-debian-gcc 0.0.4 2.66 23.39 26.05 OK
r-devel-linux-x86_64-fedora-clang 0.0.4 39.81 OK
r-devel-linux-x86_64-fedora-gcc 0.0.4 38.19 OK
r-devel-windows-ix86+x86_64 0.0.4 7.00 49.00 56.00 OK
r-devel-windows-ix86+x86_64-gcc8 0.0.4 6.00 57.00 63.00 OK
r-patched-linux-x86_64 0.0.4 2.66 26.84 29.50 OK
r-patched-solaris-x86 0.0.4 50.00 OK
r-release-linux-x86_64 0.0.4 2.52 26.80 29.32 OK
r-release-windows-ix86+x86_64 0.0.4 5.00 41.00 46.00 OK
r-release-osx-x86_64 0.0.4 NOTE
r-oldrel-windows-ix86+x86_64 0.0.4 4.00 34.00 38.00 OK
r-oldrel-osx-x86_64 0.0.4 NOTE

Check Details

Version: 0.0.4
Check: package dependencies
Result: NOTE
    Package suggested but not available for checking: ‘RGtk2’
Flavors: r-release-osx-x86_64, r-oldrel-osx-x86_64