CRAN Package Check Results for Package memapp

Last updated on 2019-09-23 11:48:22 CEST.

Flavor Version Tinstall Tcheck Ttotal Status Flags
r-devel-linux-x86_64-debian-clang 2.13 2.68 23.96 26.64 OK
r-devel-linux-x86_64-debian-gcc 2.13 2.33 19.62 21.95 OK
r-devel-linux-x86_64-fedora-clang 2.13 33.49 NOTE
r-devel-linux-x86_64-fedora-gcc 2.13 32.97 NOTE
r-devel-windows-ix86+x86_64 2.13 25.00 62.00 87.00 OK
r-patched-linux-x86_64 2.13 2.49 23.62 26.11 OK
r-patched-solaris-x86 2.13 52.70 NOTE
r-release-linux-x86_64 2.13 2.30 23.82 26.12 OK
r-release-windows-ix86+x86_64 2.13 15.00 58.00 73.00 OK
r-release-osx-x86_64 2.13 NOTE
r-oldrel-windows-ix86+x86_64 2.13 4.00 38.00 42.00 OK
r-oldrel-osx-x86_64 2.13 NOTE

Check Details

Version: 2.13
Check: dependencies in R code
Result: NOTE
    Namespaces in Imports field not imported from:
     ‘DT’ ‘RColorBrewer’ ‘RODBC’ ‘dplyr’ ‘foreign’ ‘formattable’ ‘ggplot2’
     ‘haven’ ‘mem’ ‘openxlsx’ ‘plotly’ ‘readxl’ ‘shinyBS’ ‘shinyWidgets’
     ‘shinydashboard’ ‘shinyjs’ ‘shinythemes’ ‘stringi’ ‘stringr’ ‘tidyr’
     All declared Imports should be used.
Flavors: r-devel-linux-x86_64-fedora-clang, r-devel-linux-x86_64-fedora-gcc, r-patched-solaris-x86, r-release-osx-x86_64, r-oldrel-osx-x86_64