CRAN Package Check Results for Package memery

Last updated on 2019-12-07 07:56:19 CET.

Flavor Version Tinstall Tcheck Ttotal Status Flags
r-devel-linux-x86_64-debian-clang 0.5.2 3.07 57.48 60.55 NOTE
r-devel-linux-x86_64-debian-gcc 0.5.2 2.64 43.03 45.67 NOTE
r-devel-linux-x86_64-fedora-clang 0.5.2 71.22 NOTE
r-devel-linux-x86_64-fedora-gcc 0.5.2 67.59 NOTE
r-devel-windows-ix86+x86_64 0.5.2 9.00 107.00 116.00 OK
r-devel-windows-ix86+x86_64-gcc8 0.5.2 10.00 112.00 122.00 OK
r-patched-linux-x86_64 0.5.2 2.76 51.98 54.74 OK
r-patched-solaris-x86 0.5.2 98.20 NOTE
r-release-linux-x86_64 0.5.2 2.47 51.00 53.47 OK
r-release-windows-ix86+x86_64 0.5.2 7.00 76.00 83.00 OK
r-release-osx-x86_64 0.5.2 NOTE
r-oldrel-windows-ix86+x86_64 0.5.2 5.00 99.00 104.00 OK
r-oldrel-osx-x86_64 0.5.2 NOTE

Check Details

Version: 0.5.2
Check: for non-standard things in the check directory
Result: NOTE
    Found the following files/directories:
     'meme_data2.jpg'
Flavors: r-devel-linux-x86_64-debian-clang, r-devel-linux-x86_64-debian-gcc, r-devel-linux-x86_64-fedora-clang, r-devel-linux-x86_64-fedora-gcc

Version: 0.5.2
Check: dependencies in R code
Result: NOTE
    Namespaces in Imports field not imported from:
     ‘colourpicker’ ‘shinyBS’ ‘shinycssloaders’
     All declared Imports should be used.
Flavors: r-devel-linux-x86_64-fedora-clang, r-devel-linux-x86_64-fedora-gcc, r-patched-solaris-x86, r-release-osx-x86_64, r-oldrel-osx-x86_64

Version: 0.5.2
Check: package dependencies
Result: NOTE
    Package suggested but not available for checking: ‘gifski’
Flavor: r-patched-solaris-x86