CRAN Package Check Results for Package memery

Last updated on 2019-08-18 10:46:18 CEST.

Flavor Version Tinstall Tcheck Ttotal Status Flags
r-devel-linux-x86_64-debian-clang 0.5.2 3.19 52.88 56.07 NOTE
r-devel-linux-x86_64-debian-gcc 0.5.2 2.47 40.65 43.12 NOTE
r-devel-linux-x86_64-fedora-clang 0.5.2 69.46 NOTE
r-devel-linux-x86_64-fedora-gcc 0.5.2 63.45 NOTE
r-devel-windows-ix86+x86_64 0.5.2 10.00 105.00 115.00 OK
r-patched-linux-x86_64 0.5.2 2.49 51.84 54.33 OK
r-patched-solaris-x86 0.5.2 106.10 NOTE
r-release-linux-x86_64 0.5.2 2.59 51.28 53.87 OK
r-release-windows-ix86+x86_64 0.5.2 9.00 71.00 80.00 OK
r-release-osx-x86_64 0.5.2 NOTE
r-oldrel-windows-ix86+x86_64 0.5.2 9.00 103.00 112.00 OK
r-oldrel-osx-x86_64 0.5.2 NOTE

Check Details

Version: 0.5.2
Check: for non-standard things in the check directory
Result: NOTE
    Found the following files/directories:
     'meme_data2.jpg'
Flavors: r-devel-linux-x86_64-debian-clang, r-devel-linux-x86_64-debian-gcc, r-devel-linux-x86_64-fedora-clang, r-devel-linux-x86_64-fedora-gcc

Version: 0.5.2
Check: dependencies in R code
Result: NOTE
    Namespaces in Imports field not imported from:
     ‘colourpicker’ ‘shinyBS’ ‘shinycssloaders’
     All declared Imports should be used.
Flavors: r-devel-linux-x86_64-fedora-clang, r-devel-linux-x86_64-fedora-gcc, r-patched-solaris-x86, r-release-osx-x86_64, r-oldrel-osx-x86_64

Version: 0.5.2
Check: package dependencies
Result: NOTE
    Package suggested but not available for checking: ‘gifski’
Flavor: r-patched-solaris-x86