CRAN Package Check Results for Package memisc

Last updated on 2019-09-24 09:48:55 CEST.

Flavor Version Tinstall Tcheck Ttotal Status Flags
r-devel-linux-x86_64-debian-clang 0.99.17.2 26.05 136.89 162.94 WARN
r-devel-linux-x86_64-debian-gcc 0.99.17.2 22.39 105.00 127.39 WARN
r-devel-linux-x86_64-fedora-clang 0.99.17.2 195.75 NOTE
r-devel-linux-x86_64-fedora-gcc 0.99.17.2 195.40 WARN
r-devel-windows-ix86+x86_64 0.99.17.2 74.00 232.00 306.00 NOTE
r-patched-linux-x86_64 0.99.17.2 25.63 130.84 156.47 OK
r-patched-solaris-x86 0.99.17.2 224.90 NOTE
r-release-linux-x86_64 0.99.17.2 24.61 133.71 158.32 OK
r-release-windows-ix86+x86_64 0.99.17.2 69.00 243.00 312.00 NOTE
r-release-osx-x86_64 0.99.17.2 NOTE
r-oldrel-windows-ix86+x86_64 0.99.17.2 43.00 149.00 192.00 NOTE
r-oldrel-osx-x86_64 0.99.17.2 NOTE

Check Details

Version: 0.99.17.2
Check: whether package can be installed
Result: WARN
    Found the following significant warnings:
     dta-for-R.c:195:3: warning: ignoring return value of function declared with 'warn_unused_result' attribute [-Wunused-result]
     dta-for-R.c:212:3: warning: ignoring return value of function declared with 'warn_unused_result' attribute [-Wunused-result]
     dta-for-R.c:214:3: warning: ignoring return value of function declared with 'warn_unused_result' attribute [-Wunused-result]
     pspp-portableStream-for-R.c:323:7: warning: ignoring return value of function declared with 'warn_unused_result' attribute [-Wunused-result]
Flavor: r-devel-linux-x86_64-debian-clang

Version: 0.99.17.2
Check: whether package can be installed
Result: WARN
    Found the following significant warnings:
     dta-for-R.c:195:3: warning: ignoring return value of ‘fread’, declared with attribute warn_unused_result [-Wunused-result]
     dta-for-R.c:212:3: warning: ignoring return value of ‘fread’, declared with attribute warn_unused_result [-Wunused-result]
     dta-for-R.c:214:3: warning: ignoring return value of ‘fread’, declared with attribute warn_unused_result [-Wunused-result]
     pspp-portableStream-for-R.c:323:7: warning: ignoring return value of ‘fread’, declared with attribute warn_unused_result [-Wunused-result]
Flavors: r-devel-linux-x86_64-debian-gcc, r-devel-linux-x86_64-fedora-gcc

Version: 0.99.17.2
Check: installed package size
Result: NOTE
     installed size is 5.4Mb
     sub-directories of 1Mb or more:
     R 1.1Mb
     doc 3.5Mb
Flavors: r-devel-linux-x86_64-fedora-clang, r-devel-windows-ix86+x86_64, r-patched-solaris-x86, r-release-windows-ix86+x86_64, r-release-osx-x86_64, r-oldrel-windows-ix86+x86_64, r-oldrel-osx-x86_64