CRAN Package Check Results for Package mgarchBEKK

Last updated on 2019-09-19 12:47:32 CEST.

Flavor Version Tinstall Tcheck Ttotal Status Flags
r-devel-linux-x86_64-debian-clang 0.0.2 4.75 31.66 36.41 OK
r-devel-linux-x86_64-debian-gcc 0.0.2 3.87 25.99 29.86 OK
r-devel-linux-x86_64-fedora-clang 0.0.2 46.50 NOTE
r-devel-linux-x86_64-fedora-gcc 0.0.2 47.00 NOTE
r-devel-windows-ix86+x86_64 0.0.2 20.00 59.00 79.00 OK
r-patched-linux-x86_64 0.0.2 3.92 31.71 35.63 OK
r-patched-solaris-x86 0.0.2 76.80 OK
r-release-linux-x86_64 0.0.2 4.48 31.39 35.87 OK
r-release-windows-ix86+x86_64 0.0.2 14.00 84.00 98.00 OK
r-release-osx-x86_64 0.0.2 OK
r-oldrel-windows-ix86+x86_64 0.0.2 9.00 53.00 62.00 OK
r-oldrel-osx-x86_64 0.0.2 OK

Check Details

Version: 0.0.2
Check: compiled code
Result: NOTE
    File ‘mgarchBEKK/libs/mgarchBEKK.so’:
     Found no calls to: ‘R_registerRoutines’, ‘R_useDynamicSymbols’
    
    It is good practice to register native routines and to disable symbol
    search.
    
    See ‘Writing portable packages’ in the ‘Writing R Extensions’ manual.
Flavors: r-devel-linux-x86_64-fedora-clang, r-devel-linux-x86_64-fedora-gcc