CRAN Package Check Results for Package missingHE

Last updated on 2019-12-05 13:46:47 CET.

Flavor Version Tinstall Tcheck Ttotal Status Flags
r-devel-linux-x86_64-debian-clang 1.2.1 11.50 90.67 102.17 OK
r-devel-linux-x86_64-debian-gcc 1.2.1 10.43 68.08 78.51 OK
r-devel-linux-x86_64-fedora-clang 1.2.1 118.59 NOTE
r-devel-linux-x86_64-fedora-gcc 1.2.1 119.56 NOTE
r-devel-windows-ix86+x86_64 1.2.1 21.00 139.00 160.00 OK
r-devel-windows-ix86+x86_64-gcc8 1.2.1 23.00 148.00 171.00 OK
r-patched-linux-x86_64 1.2.1 11.73 79.88 91.61 OK
r-patched-solaris-x86 1.2.1 144.70 NOTE
r-release-linux-x86_64 1.2.1 10.40 79.56 89.96 OK
r-release-windows-ix86+x86_64 1.2.1 17.00 90.00 107.00 OK
r-release-osx-x86_64 1.2.1 NOTE
r-oldrel-windows-ix86+x86_64 1.2.1 15.00 125.00 140.00 OK
r-oldrel-osx-x86_64 1.2.1 NOTE

Check Details

Version: 1.2.1
Check: dependencies in R code
Result: NOTE
    Namespace in Imports field not imported from: ‘mcmcr’
     All declared Imports should be used.
Flavors: r-devel-linux-x86_64-fedora-clang, r-devel-linux-x86_64-fedora-gcc, r-patched-solaris-x86, r-release-osx-x86_64, r-oldrel-osx-x86_64