CRAN Package Check Results for Package mixsqp

Last updated on 2019-08-19 08:52:11 CEST.

Flavor Version Tinstall Tcheck Ttotal Status Flags
r-devel-linux-x86_64-debian-clang 0.1-97 28.69 58.61 87.30 OK
r-devel-linux-x86_64-debian-gcc 0.1-97 21.36 47.12 68.48 OK
r-devel-linux-x86_64-fedora-clang 0.1-97 117.03 OK
r-devel-linux-x86_64-fedora-gcc 0.1-97 110.05 OK
r-devel-windows-ix86+x86_64 0.1-97 83.00 132.00 215.00 OK
r-patched-linux-x86_64 0.1-97 27.25 58.88 86.13 OK
r-patched-solaris-x86 0.1-97 198.50 NOTE
r-release-linux-x86_64 0.1-97 27.25 57.86 85.11 OK
r-release-windows-ix86+x86_64 0.1-97 59.00 98.00 157.00 NOTE
r-release-osx-x86_64 0.1-97 OK
r-oldrel-windows-ix86+x86_64 0.1-97 76.00 116.00 192.00 NOTE
r-oldrel-osx-x86_64 0.1-97 NOTE

Check Details

Version: 0.1-97
Check: package dependencies
Result: NOTE
    Packages suggested but not available for checking: 'REBayes', 'Rmosek'
Flavor: r-patched-solaris-x86

Version: 0.1-97
Check: Rd cross-references
Result: NOTE
    Packages unavailable to check Rd xrefs: ‘REBayes’, ‘Rmosek’
Flavor: r-patched-solaris-x86

Version: 0.1-97
Check: package dependencies
Result: NOTE
    Package suggested but not available for checking: 'REBayes'
Flavors: r-release-windows-ix86+x86_64, r-oldrel-windows-ix86+x86_64, r-oldrel-osx-x86_64

Version: 0.1-97
Check: Rd cross-references
Result: NOTE
    Package unavailable to check Rd xrefs: 'REBayes'
Flavors: r-release-windows-ix86+x86_64, r-oldrel-windows-ix86+x86_64, r-oldrel-osx-x86_64