Last updated on 2019-12-07 07:56:20 CET.
Flavor | Version | Tinstall | Tcheck | Ttotal | Status | Flags |
---|---|---|---|---|---|---|
r-devel-linux-x86_64-debian-clang | 0.2-2 | 33.50 | 81.11 | 114.61 | OK | |
r-devel-linux-x86_64-debian-gcc | 0.2-2 | 26.20 | 60.63 | 86.83 | OK | |
r-devel-linux-x86_64-fedora-clang | 0.2-2 | 144.38 | OK | |||
r-devel-linux-x86_64-fedora-gcc | 0.2-2 | 139.63 | OK | |||
r-devel-windows-ix86+x86_64 | 0.2-2 | 64.00 | 175.00 | 239.00 | OK | |
r-devel-windows-ix86+x86_64-gcc8 | 0.2-2 | 71.00 | 178.00 | 249.00 | OK | |
r-patched-linux-x86_64 | 0.2-2 | 25.37 | 78.40 | 103.77 | OK | |
r-patched-solaris-x86 | 0.2-2 | 2006.20 | WARN | |||
r-release-linux-x86_64 | 0.2-2 | 28.69 | 76.50 | 105.19 | OK | |
r-release-windows-ix86+x86_64 | 0.2-2 | 83.00 | 118.00 | 201.00 | NOTE | |
r-release-osx-x86_64 | 0.2-2 | OK | ||||
r-oldrel-windows-ix86+x86_64 | 0.2-2 | 60.00 | 155.00 | 215.00 | NOTE | |
r-oldrel-osx-x86_64 | 0.2-2 | OK |
Version: 0.2-2
Check: package dependencies
Result: NOTE
Packages suggested but not available for checking: 'REBayes', 'Rmosek'
Flavor: r-patched-solaris-x86
Version: 0.2-2
Check: Rd cross-references
Result: NOTE
Packages unavailable to check Rd xrefs: ‘REBayes’, ‘Rmosek’
Flavor: r-patched-solaris-x86
Version: 0.2-2
Check: re-building of vignette outputs
Result: WARN
Error(s) in re-building vignettes:
...
--- re-building ‘mixsqp-intro.Rmd’ using rmarkdown
Warning in engine$weave(file, quiet = quiet, encoding = enc) :
Pandoc (>= 1.12.3) and/or pandoc-citeproc not available. Falling back to R Markdown v1.
Flavor: r-patched-solaris-x86
Version: 0.2-2
Check: package dependencies
Result: NOTE
Package suggested but not available for checking: 'REBayes'
Flavors: r-release-windows-ix86+x86_64, r-oldrel-windows-ix86+x86_64
Version: 0.2-2
Check: Rd cross-references
Result: NOTE
Package unavailable to check Rd xrefs: 'REBayes'
Flavors: r-release-windows-ix86+x86_64, r-oldrel-windows-ix86+x86_64