CRAN Package Check Results for Package mlergm

Last updated on 2019-08-25 07:46:19 CEST.

Flavor Version Tinstall Tcheck Ttotal Status Flags
r-devel-linux-x86_64-debian-clang 0.2 13.51 102.67 116.18 OK
r-devel-linux-x86_64-debian-gcc 0.2 10.28 80.17 90.45 OK
r-devel-linux-x86_64-fedora-clang 0.2 138.92 OK
r-devel-linux-x86_64-fedora-gcc 0.2 134.04 OK
r-devel-windows-ix86+x86_64 0.2 27.00 107.00 134.00 OK
r-patched-linux-x86_64 0.2 11.67 99.34 111.01 OK
r-patched-solaris-x86 0.2 205.90 OK
r-release-linux-x86_64 0.2 13.21 98.77 111.98 OK
r-release-windows-ix86+x86_64 0.2 37.00 144.00 181.00 OK
r-release-osx-x86_64 0.2 OK
r-oldrel-windows-ix86+x86_64 0.2 10.00 5.00 15.00 ERROR
r-oldrel-osx-x86_64 0.2 ERROR

Check Details

Version: 0.2
Check: package dependencies
Result: ERROR
    Package required and available but unsuitable version: 'parallel'
    
    See section 'The DESCRIPTION file' in the 'Writing R Extensions'
    manual.
Flavor: r-oldrel-windows-ix86+x86_64

Version: 0.2
Check: package dependencies
Result: ERROR
    Packages required and available but unsuitable versions: ‘ergm’ ‘parallel’
    
    See section ‘The DESCRIPTION file’ in the ‘Writing R Extensions’
    manual.
Flavor: r-oldrel-osx-x86_64