CRAN Package Check Results for Package mlrCPO

Last updated on 2019-12-06 13:48:41 CET.

Flavor Version Tinstall Tcheck Ttotal Status Flags
r-devel-linux-x86_64-debian-clang 0.3.4-4 24.23 334.52 358.75 OK
r-devel-linux-x86_64-debian-gcc 0.3.4-4 22.83 253.03 275.86 OK
r-devel-linux-x86_64-fedora-clang 0.3.4-4 407.55 OK
r-devel-linux-x86_64-fedora-gcc 0.3.4-4 403.57 OK
r-devel-windows-ix86+x86_64 0.3.4-4 38.00 443.00 481.00 OK
r-devel-windows-ix86+x86_64-gcc8 0.3.4-4 39.00 466.00 505.00 OK
r-patched-linux-x86_64 0.3.4-4 26.55 305.25 331.80 OK
r-patched-solaris-x86 0.3.4-4 394.20 WARN
r-release-linux-x86_64 0.3.4-4 22.34 304.30 326.64 OK
r-release-windows-ix86+x86_64 0.3.4-4 39.00 329.00 368.00 OK
r-release-osx-x86_64 0.3.4-4 WARN
r-oldrel-windows-ix86+x86_64 0.3.4-4 31.00 409.00 440.00 OK
r-oldrel-osx-x86_64 0.3.4-4 WARN

Check Details

Version: 0.3.4-4
Check: package dependencies
Result: NOTE
    Package suggested but not available for checking: ‘FSelector’
Flavor: r-patched-solaris-x86

Version: 0.3.4-4
Check: re-building of vignette outputs
Result: WARN
    Error(s) in re-building vignettes:
     ...
    --- re-building ‘a_1_getting_started.Rmd’ using rmarkdown
    Warning in engine$weave(file, quiet = quiet, encoding = enc) :
     Pandoc (>= 1.12.3) and/or pandoc-citeproc not available. Falling back to R Markdown v1.
    Quitting from lines 5-183 (./toc/vignettetoc.Rmd)
    Quitting from lines 5-183 (./toc/vignettetoc.Rmd)
    Error: processing vignette 'a_1_getting_started.Rmd' failed with diagnostics:
    argument is of length zero
    --- failed re-building ‘a_1_getting_started.Rmd’
    
    --- re-building ‘a_2_mlrCPO_core.Rmd’ using rmarkdown
    Warning in engine$weave(file, quiet = quiet, encoding = enc) :
     Pandoc (>= 1.12.3) and/or pandoc-citeproc not available. Falling back to R Markdown v1.
    Quitting from lines 5-183 (./toc/vignettetoc.Rmd)
    Quitting from lines 5-183 (./toc/vignettetoc.Rmd)
    Error: processing vignette 'a_2_mlrCPO_core.Rmd' failed with diagnostics:
    argument is of length zero
    --- failed re-building ‘a_2_mlrCPO_core.Rmd’
    
    --- re-building ‘a_3_all_CPOs.Rmd’ using rmarkdown
    Warning in engine$weave(file, quiet = quiet, encoding = enc) :
     Pandoc (>= 1.12.3) and/or pandoc-citeproc not available. Falling back to R Markdown v1.
    Quitting from lines 5-183 (./toc/vignettetoc.Rmd)
    Quitting from lines 5-183 (./toc/vignettetoc.Rmd)
    Error: processing vignette 'a_3_all_CPOs.Rmd' failed with diagnostics:
    argument is of length zero
    --- failed re-building ‘a_3_all_CPOs.Rmd’
    
    --- re-building ‘a_4_custom_CPOs.Rmd’ using rmarkdown
    Warning in engine$weave(file, quiet = quiet, encoding = enc) :
     Pandoc (>= 1.12.3) and/or pandoc-citeproc not available. Falling back to R Markdown v1.
    Quitting from lines 5-183 (./toc/vignettetoc.Rmd)
    Quitting from lines 5-183 (./toc/vignettetoc.Rmd)
    Error: processing vignette 'a_4_custom_CPOs.Rmd' failed with diagnostics:
    argument is of length zero
    --- failed re-building ‘a_4_custom_CPOs.Rmd’
    
    --- re-building ‘z_1_getting_started_terse.Rmd’ using rmarkdown
    Warning in engine$weave(file, quiet = quiet, encoding = enc) :
     Pandoc (>= 1.12.3) and/or pandoc-citeproc not available. Falling back to R Markdown v1.
    Quitting from lines 5-183 (./toc/vignettetoc.Rmd)
    Error: processing vignette 'z_1_getting_started_terse.Rmd' failed with diagnostics:
    argument is of length zero
    --- failed re-building ‘z_1_getting_started_terse.Rmd’
    
    --- re-building ‘z_2_mlrCPO_core_terse.Rmd’ using rmarkdown
    Warning in engine$weave(file, quiet = quiet, encoding = enc) :
     Pandoc (>= 1.12.3) and/or pandoc-citeproc not available. Falling back to R Markdown v1.
    Quitting from lines 5-183 (./toc/vignettetoc.Rmd)
    Error: processing vignette 'z_2_mlrCPO_core_terse.Rmd' failed with diagnostics:
    argument is of length zero
    --- failed re-building ‘z_2_mlrCPO_core_terse.Rmd’
    
    --- re-building ‘z_3_all_CPOs_terse.Rmd’ using rmarkdown
    Warning in engine$weave(file, quiet = quiet, encoding = enc) :
     Pandoc (>= 1.12.3) and/or pandoc-citeproc not available. Falling back to R Markdown v1.
    Quitting from lines 5-183 (./toc/vignettetoc.Rmd)
    Error: processing vignette 'z_3_all_CPOs_terse.Rmd' failed with diagnostics:
    argument is of length zero
    --- failed re-building ‘z_3_all_CPOs_terse.Rmd’
    
    --- re-building ‘z_4_custom_CPOs_terse.Rmd’ using rmarkdown
    Warning in engine$weave(file, quiet = quiet, encoding = enc) :
     Pandoc (>= 1.12.3) and/or pandoc-citeproc not available. Falling back to R Markdown v1.
    Quitting from lines 5-183 (./toc/vignettetoc.Rmd)
    Error: processing vignette 'z_4_custom_CPOs_terse.Rmd' failed with diagnostics:
    argument is of length zero
    --- failed re-building ‘z_4_custom_CPOs_terse.Rmd’
    
    SUMMARY: processing the following files failed:
     ‘a_1_getting_started.Rmd’ ‘a_2_mlrCPO_core.Rmd’ ‘a_3_all_CPOs.Rmd’
     ‘a_4_custom_CPOs.Rmd’ ‘z_1_getting_started_terse.Rmd’
     ‘z_2_mlrCPO_core_terse.Rmd’ ‘z_3_all_CPOs_terse.Rmd’
     ‘z_4_custom_CPOs_terse.Rmd’
    
    Error: Vignette re-building failed.
    Execution halted
Flavor: r-patched-solaris-x86

Version: 0.3.4-4
Check: re-building of vignette outputs
Result: WARN
    Error(s) in re-building vignettes:
    --- re-building ‘a_1_getting_started.Rmd’ using rmarkdown
    Warning in engine$weave(file, quiet = quiet, encoding = enc) :
     Pandoc (>= 1.12.3) and/or pandoc-citeproc not available. Falling back to R Markdown v1.
    Quitting from lines 5-183 (./toc/vignettetoc.Rmd)
    Quitting from lines 5-183 (./toc/vignettetoc.Rmd)
    Error: processing vignette 'a_1_getting_started.Rmd' failed with diagnostics:
    argument is of length zero
    --- failed re-building ‘a_1_getting_started.Rmd’
    
    --- re-building ‘a_2_mlrCPO_core.Rmd’ using rmarkdown
    Warning in engine$weave(file, quiet = quiet, encoding = enc) :
     Pandoc (>= 1.12.3) and/or pandoc-citeproc not available. Falling back to R Markdown v1.
    Quitting from lines 5-183 (./toc/vignettetoc.Rmd)
    Quitting from lines 5-183 (./toc/vignettetoc.Rmd)
    Error: processing vignette 'a_2_mlrCPO_core.Rmd' failed with diagnostics:
    argument is of length zero
    --- failed re-building ‘a_2_mlrCPO_core.Rmd’
    
    --- re-building ‘a_3_all_CPOs.Rmd’ using rmarkdown
    Warning in engine$weave(file, quiet = quiet, encoding = enc) :
     Pandoc (>= 1.12.3) and/or pandoc-citeproc not available. Falling back to R Markdown v1.
    Quitting from lines 5-183 (./toc/vignettetoc.Rmd)
    Quitting from lines 5-183 (./toc/vignettetoc.Rmd)
    Error: processing vignette 'a_3_all_CPOs.Rmd' failed with diagnostics:
    argument is of length zero
    --- failed re-building ‘a_3_all_CPOs.Rmd’
    
    --- re-building ‘a_4_custom_CPOs.Rmd’ using rmarkdown
    Warning in engine$weave(file, quiet = quiet, encoding = enc) :
     Pandoc (>= 1.12.3) and/or pandoc-citeproc not available. Falling back to R Markdown v1.
    Quitting from lines 5-183 (./toc/vignettetoc.Rmd)
    Quitting from lines 5-183 (./toc/vignettetoc.Rmd)
    Error: processing vignette 'a_4_custom_CPOs.Rmd' failed with diagnostics:
    argument is of length zero
    --- failed re-building ‘a_4_custom_CPOs.Rmd’
    
    --- re-building ‘z_1_getting_started_terse.Rmd’ using rmarkdown
    Warning in engine$weave(file, quiet = quiet, encoding = enc) :
     Pandoc (>= 1.12.3) and/or pandoc-citeproc not available. Falling back to R Markdown v1.
    Quitting from lines 5-183 (./toc/vignettetoc.Rmd)
    Error: processing vignette 'z_1_getting_started_terse.Rmd' failed with diagnostics:
    argument is of length zero
    --- failed re-building ‘z_1_getting_started_terse.Rmd’
    
    --- re-building ‘z_2_mlrCPO_core_terse.Rmd’ using rmarkdown
    Warning in engine$weave(file, quiet = quiet, encoding = enc) :
     Pandoc (>= 1.12.3) and/or pandoc-citeproc not available. Falling back to R Markdown v1.
    Quitting from lines 5-183 (./toc/vignettetoc.Rmd)
    Error: processing vignette 'z_2_mlrCPO_core_terse.Rmd' failed with diagnostics:
    argument is of length zero
    --- failed re-building ‘z_2_mlrCPO_core_terse.Rmd’
    
    --- re-building ‘z_3_all_CPOs_terse.Rmd’ using rmarkdown
    Warning in engine$weave(file, quiet = quiet, encoding = enc) :
     Pandoc (>= 1.12.3) and/or pandoc-citeproc not available. Falling back to R Markdown v1.
    Quitting from lines 5-183 (./toc/vignettetoc.Rmd)
    Error: processing vignette 'z_3_all_CPOs_terse.Rmd' failed with diagnostics:
    argument is of length zero
    --- failed re-building ‘z_3_all_CPOs_terse.Rmd’
    
    --- re-building ‘z_4_custom_CPOs_terse.Rmd’ using rmarkdown
    Warning in engine$weave(file, quiet = quiet, encoding = enc) :
     Pandoc (>= 1.12.3) and/or pandoc-citeproc not available. Falling back to R Markdown v1.
    Quitting from lines 5-183 (./toc/vignettetoc.Rmd)
    Error: processing vignette 'z_4_custom_CPOs_terse.Rmd' failed with diagnostics:
    argument is of length zero
    --- failed re-building ‘z_4_custom_CPOs_terse.Rmd’
    
    SUMMARY: processing the following files failed:
     ‘a_1_getting_started.Rmd’ ‘a_2_mlrCPO_core.Rmd’ ‘a_3_all_CPOs.Rmd’
     ‘a_4_custom_CPOs.Rmd’ ‘z_1_getting_started_terse.Rmd’
     ‘z_2_mlrCPO_core_terse.Rmd’ ‘z_3_all_CPOs_terse.Rmd’
     ‘z_4_custom_CPOs_terse.Rmd’
    
    Error: Vignette re-building failed.
    Execution halted
Flavor: r-release-osx-x86_64

Version: 0.3.4-4
Check: re-building of vignette outputs
Result: WARN
    Error in re-building vignettes:
     ...
    Warning in engine$weave(file, quiet = quiet, encoding = enc) :
     Pandoc (>= 1.12.3) and/or pandoc-citeproc not available. Falling back to R Markdown v1.
    Quitting from lines 5-183 (./toc/vignettetoc.Rmd)
    Quitting from lines 5-183 (./toc/vignettetoc.Rmd)
    Error: processing vignette 'a_1_getting_started.Rmd' failed with diagnostics:
    argument is of length zero
    Execution halted
Flavor: r-oldrel-osx-x86_64