CRAN Package Check Results for Package mmm

Last updated on 2020-07-11 13:50:15 CEST.

Flavor Version Tinstall Tcheck Ttotal Status Flags
r-devel-linux-x86_64-debian-clang 1.4 1.89 22.43 24.32 NOTE
r-devel-linux-x86_64-debian-gcc 1.4 1.56 19.14 20.70 NOTE
r-devel-linux-x86_64-fedora-gcc 1.4 29.61 NOTE
r-devel-windows-ix86+x86_64 1.4 7.00 52.00 59.00 NOTE
r-patched-linux-x86_64 1.4 1.94 22.12 24.06 NOTE
r-patched-solaris-x86 1.4 47.80 NOTE
r-release-linux-x86_64 1.4 1.83 22.52 24.35 NOTE
r-release-osx-x86_64 1.4 NOTE
r-release-windows-ix86+x86_64 1.4 5.00 51.00 56.00 NOTE
r-oldrel-osx-x86_64 1.4 NOTE
r-oldrel-windows-ix86+x86_64 1.4 6.00 45.00 51.00 NOTE

Check Details

Version: 1.4
Check: package namespace information
Result: NOTE
     Namespace with empty importFrom: 'gee'
Flavors: r-devel-linux-x86_64-debian-clang, r-devel-linux-x86_64-debian-gcc, r-devel-linux-x86_64-fedora-gcc, r-devel-windows-ix86+x86_64, r-patched-linux-x86_64, r-patched-solaris-x86, r-release-linux-x86_64, r-release-osx-x86_64, r-release-windows-ix86+x86_64, r-oldrel-osx-x86_64, r-oldrel-windows-ix86+x86_64

Version: 1.4
Check: DESCRIPTION meta-information
Result: NOTE
    Malformed Description field: should contain one or more complete sentences.
Flavors: r-devel-linux-x86_64-debian-clang, r-devel-linux-x86_64-debian-gcc, r-devel-linux-x86_64-fedora-gcc, r-devel-windows-ix86+x86_64, r-patched-linux-x86_64, r-patched-solaris-x86, r-release-linux-x86_64, r-release-osx-x86_64, r-release-windows-ix86+x86_64, r-oldrel-osx-x86_64, r-oldrel-windows-ix86+x86_64

Version: 1.4
Check: R code for possible problems
Result: NOTE
    mmm: no visible global function definition for 'model.frame'
    mmm: no visible global function definition for 'model.matrix'
    mmm: no visible global function definition for 'model.response'
    mmm: no visible global function definition for 'as.formula'
    mmm: no visible global function definition for 'gee'
    Undefined global functions or variables:
     as.formula gee model.frame model.matrix model.response
    Consider adding
     importFrom("stats", "as.formula", "model.frame", "model.matrix",
     "model.response")
    to your NAMESPACE file.
Flavors: r-devel-linux-x86_64-debian-clang, r-devel-linux-x86_64-debian-gcc, r-devel-linux-x86_64-fedora-gcc, r-devel-windows-ix86+x86_64, r-patched-linux-x86_64, r-patched-solaris-x86, r-release-linux-x86_64, r-release-osx-x86_64, r-release-windows-ix86+x86_64, r-oldrel-osx-x86_64, r-oldrel-windows-ix86+x86_64