CRAN Package Check Results for Package mmm

Last updated on 2019-10-22 13:46:24 CEST.

Flavor Version Tinstall Tcheck Ttotal Status Flags
r-devel-linux-x86_64-debian-clang 1.4 1.78 20.61 22.39 NOTE
r-devel-linux-x86_64-debian-gcc 1.4 1.41 16.95 18.36 NOTE
r-devel-linux-x86_64-fedora-clang 1.4 28.40 NOTE
r-devel-linux-x86_64-fedora-gcc 1.4 27.61 NOTE
r-devel-windows-ix86+x86_64 1.4 8.00 45.00 53.00 NOTE
r-patched-linux-x86_64 1.4 1.55 20.65 22.20 NOTE
r-patched-solaris-x86 1.4 45.30 NOTE
r-release-linux-x86_64 1.4 1.48 20.35 21.83 NOTE
r-release-windows-ix86+x86_64 1.4 7.00 51.00 58.00 NOTE
r-release-osx-x86_64 1.4 NOTE
r-oldrel-windows-ix86+x86_64 1.4 4.00 44.00 48.00 NOTE
r-oldrel-osx-x86_64 1.4 NOTE

Check Details

Version: 1.4
Check: package namespace information
Result: NOTE
     Namespace with empty importFrom: 'gee'
Flavors: r-devel-linux-x86_64-debian-clang, r-devel-linux-x86_64-debian-gcc, r-devel-linux-x86_64-fedora-clang, r-devel-linux-x86_64-fedora-gcc, r-devel-windows-ix86+x86_64, r-patched-linux-x86_64, r-patched-solaris-x86, r-release-linux-x86_64, r-release-windows-ix86+x86_64, r-release-osx-x86_64, r-oldrel-windows-ix86+x86_64, r-oldrel-osx-x86_64

Version: 1.4
Check: DESCRIPTION meta-information
Result: NOTE
    Malformed Description field: should contain one or more complete sentences.
Flavors: r-devel-linux-x86_64-debian-clang, r-devel-linux-x86_64-debian-gcc, r-devel-linux-x86_64-fedora-clang, r-devel-linux-x86_64-fedora-gcc, r-devel-windows-ix86+x86_64, r-patched-linux-x86_64, r-patched-solaris-x86, r-release-linux-x86_64, r-release-windows-ix86+x86_64, r-release-osx-x86_64, r-oldrel-windows-ix86+x86_64, r-oldrel-osx-x86_64

Version: 1.4
Check: R code for possible problems
Result: NOTE
    mmm: no visible global function definition for 'model.frame'
    mmm: no visible global function definition for 'model.matrix'
    mmm: no visible global function definition for 'model.response'
    mmm: no visible global function definition for 'as.formula'
    mmm: no visible global function definition for 'gee'
    Undefined global functions or variables:
     as.formula gee model.frame model.matrix model.response
    Consider adding
     importFrom("stats", "as.formula", "model.frame", "model.matrix",
     "model.response")
    to your NAMESPACE file.
Flavors: r-devel-linux-x86_64-debian-clang, r-devel-linux-x86_64-debian-gcc, r-devel-linux-x86_64-fedora-clang, r-devel-linux-x86_64-fedora-gcc, r-devel-windows-ix86+x86_64, r-patched-linux-x86_64, r-patched-solaris-x86, r-release-linux-x86_64, r-release-windows-ix86+x86_64, r-release-osx-x86_64, r-oldrel-windows-ix86+x86_64, r-oldrel-osx-x86_64