CRAN Package Check Results for Package mmppr

Last updated on 2019-09-22 13:46:16 CEST.

Flavor Version Tinstall Tcheck Ttotal Status Flags
r-devel-linux-x86_64-debian-clang 0.1 6.60 53.68 60.28 NOTE
r-devel-linux-x86_64-debian-gcc 0.1 6.13 43.89 50.02 NOTE
r-devel-linux-x86_64-fedora-clang 0.1 75.37 NOTE
r-devel-linux-x86_64-fedora-gcc 0.1 92.84 NOTE
r-devel-windows-ix86+x86_64 0.1 23.00 67.00 90.00 NOTE
r-patched-linux-x86_64 0.1 7.76 53.30 61.06 NOTE
r-patched-solaris-x86 0.1 126.40 NOTE
r-release-linux-x86_64 0.1 6.94 52.85 59.79 NOTE
r-release-windows-ix86+x86_64 0.1 14.00 65.00 79.00 NOTE
r-release-osx-x86_64 0.1 NOTE
r-oldrel-windows-ix86+x86_64 0.1 9.00 61.00 70.00 NOTE
r-oldrel-osx-x86_64 0.1 NOTE

Check Details

Version: 0.1
Check: DESCRIPTION meta-information
Result: NOTE
    Checking should be performed on sources prepared by 'R CMD build'.
Flavors: r-devel-linux-x86_64-debian-clang, r-devel-linux-x86_64-debian-gcc, r-devel-linux-x86_64-fedora-clang, r-devel-linux-x86_64-fedora-gcc, r-devel-windows-ix86+x86_64, r-patched-linux-x86_64, r-patched-solaris-x86, r-release-linux-x86_64, r-release-windows-ix86+x86_64, r-release-osx-x86_64, r-oldrel-windows-ix86+x86_64, r-oldrel-osx-x86_64