CRAN Package Check Results for Package mongolite

Last updated on 2020-07-08 13:50:05 CEST.

Flavor Version Tinstall Tcheck Ttotal Status Flags
r-devel-linux-x86_64-debian-clang 2.2.0 44.78 27.27 72.05 OK
r-devel-linux-x86_64-debian-gcc 2.2.0 33.03 21.12 54.15 OK
r-devel-linux-x86_64-fedora-clang 2.2.0 96.80 OK
r-devel-linux-x86_64-fedora-gcc 2.2.0 86.80 OK
r-devel-windows-ix86+x86_64 2.2.0 375.00 83.00 458.00 NOTE
r-patched-linux-x86_64 2.2.0 36.21 27.20 63.41 OK
r-patched-solaris-x86 2.2.0 142.20 OK
r-release-linux-x86_64 2.2.0 35.05 26.94 61.99 OK
r-release-osx-x86_64 2.2.0 OK
r-release-windows-ix86+x86_64 2.2.0 374.00 75.00 449.00 NOTE
r-oldrel-osx-x86_64 2.2.0 OK
r-oldrel-windows-ix86+x86_64 2.2.0 369.00 120.00 489.00 NOTE

Check Details

Version: 2.2.0
Check: installed package size
Result: NOTE
     installed size is 7.2Mb
     sub-directories of 1Mb or more:
     libs 7.0Mb
Flavors: r-devel-windows-ix86+x86_64, r-release-windows-ix86+x86_64, r-oldrel-windows-ix86+x86_64