CRAN Package Check Results for Package mongolite

Last updated on 2019-10-15 13:46:59 CEST.

Flavor Version Tinstall Tcheck Ttotal Status Flags
r-devel-linux-x86_64-debian-clang 2.1.0 46.12 24.10 70.22 OK
r-devel-linux-x86_64-debian-gcc 2.1.0 28.21 19.73 47.94 OK
r-devel-linux-x86_64-fedora-clang 2.1.0 85.29 OK
r-devel-linux-x86_64-fedora-gcc 2.1.0 80.03 OK
r-devel-windows-ix86+x86_64 2.1.0 323.00 119.00 442.00 NOTE
r-patched-linux-x86_64 2.1.0 29.42 23.71 53.13 OK
r-patched-solaris-x86 2.1.0 132.50 OK
r-release-linux-x86_64 2.1.0 31.22 23.91 55.13 OK
r-release-windows-ix86+x86_64 2.1.0 611.00 76.00 687.00 NOTE
r-release-osx-x86_64 2.1.0 OK
r-oldrel-windows-ix86+x86_64 2.1.0 304.00 72.00 376.00 NOTE
r-oldrel-osx-x86_64 2.1.0 OK

Check Details

Version: 2.1.0
Check: installed package size
Result: NOTE
     installed size is 7.1Mb
     sub-directories of 1Mb or more:
     libs 7.0Mb
Flavors: r-devel-windows-ix86+x86_64, r-release-windows-ix86+x86_64, r-oldrel-windows-ix86+x86_64