CRAN Package Check Results for Package mosaicData

Last updated on 2019-11-17 13:46:37 CET.

Flavor Version Tinstall Tcheck Ttotal Status Flags
r-devel-linux-x86_64-debian-clang 0.17.0 3.47 35.09 38.56 OK
r-devel-linux-x86_64-debian-gcc 0.17.0 2.92 26.69 29.61 OK
r-devel-linux-x86_64-fedora-clang 0.17.0 46.35 NOTE
r-devel-linux-x86_64-fedora-gcc 0.17.0 46.16 NOTE
r-devel-windows-ix86+x86_64 0.17.0 10.00 69.00 79.00 OK
r-patched-linux-x86_64 0.17.0 3.00 34.11 37.11 OK
r-patched-solaris-x86 0.17.0 67.80 NOTE
r-release-linux-x86_64 0.17.0 3.23 33.32 36.55 OK
r-release-windows-ix86+x86_64 0.17.0 10.00 79.00 89.00 OK
r-release-osx-x86_64 0.17.0 NOTE
r-oldrel-windows-ix86+x86_64 0.17.0 8.00 71.00 79.00 OK
r-oldrel-osx-x86_64 0.17.0 NOTE

Check Details

Version: 0.17.0
Check: data for non-ASCII characters
Result: NOTE
     Note: found 7 marked UTF-8 strings
Flavors: r-devel-linux-x86_64-fedora-clang, r-devel-linux-x86_64-fedora-gcc, r-patched-solaris-x86, r-release-osx-x86_64, r-oldrel-osx-x86_64