CRAN Package Check Results for Package mrMLM.GUI

Last updated on 2020-07-11 13:50:16 CEST.

Flavor Version Tinstall Tcheck Ttotal Status Flags
r-devel-linux-x86_64-debian-clang 4.0 25.01 158.47 183.48 OK
r-devel-linux-x86_64-debian-gcc 4.0 19.04 122.44 141.48 OK
r-devel-linux-x86_64-fedora-gcc 4.0 216.09 OK
r-devel-windows-ix86+x86_64 4.0 48.00 251.00 299.00 OK
r-patched-linux-x86_64 4.0 24.12 155.50 179.62 OK
r-patched-solaris-x86 4.0 361.90 NOTE
r-release-linux-x86_64 4.0 23.06 155.86 178.92 OK
r-release-osx-x86_64 4.0 OK
r-release-windows-ix86+x86_64 4.0 40.00 172.00 212.00 OK
r-oldrel-osx-x86_64 4.0 OK
r-oldrel-windows-ix86+x86_64 4.0 43.00 165.00 208.00 OK

Check Details

Version: 4.0
Check: installed package size
Result: NOTE
     installed size is 5.4Mb
     sub-directories of 1Mb or more:
     extdata 3.8Mb
Flavor: r-patched-solaris-x86