CRAN Package Check Results for Package mstrio

Last updated on 2019-12-07 07:56:20 CET.

Flavor Version Tinstall Tcheck Ttotal Status Flags
r-devel-linux-x86_64-debian-clang 11.1.4.25 8.78 37.61 46.39 OK
r-devel-linux-x86_64-debian-gcc 11.1.4.25 7.90 29.79 37.69 OK
r-devel-linux-x86_64-fedora-clang 11.1.4.25 53.31 NOTE
r-devel-linux-x86_64-fedora-gcc 11.1.4.25 54.85 NOTE
r-devel-windows-ix86+x86_64 11.1.4.25 16.00 71.00 87.00 OK
r-devel-windows-ix86+x86_64-gcc8 11.1.4.25 16.00 75.00 91.00 OK
r-patched-linux-x86_64 11.1.4.25 7.77 35.27 43.04 OK
r-patched-solaris-x86 11.1.4.25 81.00 NOTE
r-release-linux-x86_64 11.1.4.25 6.93 34.82 41.75 OK
r-release-windows-ix86+x86_64 11.1.4.25 13.00 46.00 59.00 OK
r-release-osx-x86_64 11.1.4.25 NOTE
r-oldrel-windows-ix86+x86_64 11.1.4.25 11.00 65.00 76.00 OK
r-oldrel-osx-x86_64 11.1.4.25 NOTE

Check Details

Version: 11.1.4.25
Check: dependencies in R code
Result: NOTE
    Namespace in Imports field not imported from: ‘miniUI’
     All declared Imports should be used.
Flavors: r-devel-linux-x86_64-fedora-clang, r-devel-linux-x86_64-fedora-gcc, r-patched-solaris-x86, r-release-osx-x86_64, r-oldrel-osx-x86_64