CRAN Package Check Results for Package multinma

Last updated on 2021-01-16 07:49:24 CET.

Flavor Version Tinstall Tcheck Ttotal Status Flags
r-devel-linux-x86_64-debian-clang 0.2.1 745.18 274.23 1019.41 NOTE
r-devel-linux-x86_64-debian-gcc 0.2.1 609.19 231.52 840.71 NOTE
r-devel-linux-x86_64-fedora-clang 0.2.1 1534.49 NOTE
r-devel-linux-x86_64-fedora-gcc 0.2.1 1593.01 NOTE
r-devel-windows-ix86+x86_64 0.2.1 1037.00 487.00 1524.00 NOTE
r-patched-linux-x86_64 0.2.1 578.62 295.27 873.89 NOTE
r-patched-solaris-x86 0.2.1 1498.20 NOTE
r-release-linux-x86_64 0.2.1 592.99 301.74 894.73 NOTE
r-release-macos-x86_64 0.2.1 NOTE
r-release-windows-ix86+x86_64 0.2.1 1013.00 519.00 1532.00 NOTE
r-oldrel-macos-x86_64 0.2.1 NOTE
r-oldrel-windows-ix86+x86_64 0.2.1 965.00 437.00 1402.00 NOTE

Check Details

Version: 0.2.1
Check: for GNU extensions in Makefiles
Result: NOTE
    GNU make is a SystemRequirements.
Flavors: r-devel-linux-x86_64-debian-clang, r-devel-linux-x86_64-debian-gcc, r-devel-linux-x86_64-fedora-clang, r-devel-linux-x86_64-fedora-gcc, r-devel-windows-ix86+x86_64, r-patched-linux-x86_64, r-patched-solaris-x86, r-release-linux-x86_64, r-release-macos-x86_64, r-release-windows-ix86+x86_64, r-oldrel-macos-x86_64, r-oldrel-windows-ix86+x86_64

Version: 0.2.1
Check: package dependencies
Result: NOTE
    Imports includes 22 non-default packages.
    Importing from so many packages makes the package vulnerable to any of
    them becoming unavailable. Move as many as possible to Suggests and
    use conditionally.
Flavor: r-devel-linux-x86_64-fedora-clang

Version: 0.2.1
Check: installed package size
Result: NOTE
     installed size is 143.4Mb
     sub-directories of 1Mb or more:
     doc 5.8Mb
     libs 136.4Mb
Flavors: r-devel-linux-x86_64-fedora-clang, r-devel-windows-ix86+x86_64, r-patched-solaris-x86, r-release-macos-x86_64, r-release-windows-ix86+x86_64, r-oldrel-macos-x86_64, r-oldrel-windows-ix86+x86_64

Version: 0.2.1
Check: dependencies in R code
Result: NOTE
    Namespaces in Imports field not imported from:
     ‘RcppParallel’ ‘rstantools’
     All declared Imports should be used.
Flavors: r-devel-linux-x86_64-fedora-clang, r-devel-linux-x86_64-fedora-gcc, r-patched-solaris-x86, r-release-macos-x86_64, r-oldrel-macos-x86_64