CRAN Package Check Results for Package mvabund

Last updated on 2019-07-16 07:50:55 CEST.

Flavor Version Tinstall Tcheck Ttotal Status Flags
r-devel-linux-x86_64-debian-clang 4.0.1 46.41 162.54 208.95 OK
r-devel-linux-x86_64-debian-gcc 4.0.1 37.48 123.36 160.84 OK
r-devel-linux-x86_64-fedora-clang 4.0.1 242.89 OK
r-devel-linux-x86_64-fedora-gcc 4.0.1 243.22 OK
r-devel-windows-ix86+x86_64 4.0.1 102.00 253.00 355.00 OK
r-patched-linux-x86_64 4.0.1 47.67 161.99 209.66 OK
r-patched-solaris-x86 4.0.1 342.60 OK
r-release-linux-x86_64 4.0.1 47.74 164.44 212.18 OK
r-release-windows-ix86+x86_64 4.0.1 77.00 326.00 403.00 OK
r-release-osx-x86_64 4.0.1 NOTE
r-oldrel-windows-ix86+x86_64 4.0.1 107.00 238.00 345.00 OK
r-oldrel-osx-x86_64 4.0.1 NOTE

Additional issues

LTO

Check Details

Version: 4.0.1
Check: installed package size
Result: NOTE
     installed size is 5.9Mb
     sub-directories of 1Mb or more:
     libs 4.9Mb
Flavors: r-release-osx-x86_64, r-oldrel-osx-x86_64