CRAN Package Check Results for Package mvmeta

Last updated on 2020-10-31 13:48:05 CET.

Flavor Version Tinstall Tcheck Ttotal Status Flags
r-devel-linux-x86_64-debian-clang 1.0.3 5.08 52.61 57.69 OK
r-devel-linux-x86_64-debian-gcc 1.0.3 3.38 38.00 41.38 OK
r-devel-linux-x86_64-fedora-clang 1.0.3 75.21 NOTE
r-devel-linux-x86_64-fedora-gcc 1.0.3 63.81 OK
r-devel-windows-ix86+x86_64 1.0.3 12.00 77.00 89.00 OK
r-patched-linux-x86_64 1.0.3 4.83 49.19 54.02 OK
r-patched-solaris-x86 1.0.3 82.10 OK
r-release-linux-x86_64 1.0.3 4.31 49.18 53.49 OK
r-release-macos-x86_64 1.0.3 OK
r-release-windows-ix86+x86_64 1.0.3 6.00 53.00 59.00 OK
r-oldrel-macos-x86_64 1.0.3 OK
r-oldrel-windows-ix86+x86_64 1.0.3 7.00 51.00 58.00 OK

Check Details

Version: 1.0.3
Check: Rd cross-references
Result: NOTE
    Undeclared package ‘dosresmeta’ in Rd xrefs
Flavor: r-devel-linux-x86_64-fedora-clang