CRAN Package Check Results for Package mvsf

Last updated on 2019-10-22 13:46:25 CEST.

Flavor Version Tinstall Tcheck Ttotal Status Flags
r-devel-linux-x86_64-debian-clang 1.0 1.69 15.99 17.68 NOTE
r-devel-linux-x86_64-debian-gcc 1.0 1.32 13.32 14.64 NOTE
r-devel-linux-x86_64-fedora-clang 1.0 22.54 NOTE
r-devel-linux-x86_64-fedora-gcc 1.0 22.27 NOTE
r-devel-windows-ix86+x86_64 1.0 6.00 28.00 34.00 NOTE
r-patched-linux-x86_64 1.0 1.40 16.16 17.56 NOTE
r-patched-solaris-x86 1.0 34.40 NOTE
r-release-linux-x86_64 1.0 1.40 15.87 17.27 NOTE
r-release-windows-ix86+x86_64 1.0 5.00 37.00 42.00 NOTE
r-release-osx-x86_64 1.0 NOTE
r-oldrel-windows-ix86+x86_64 1.0 2.00 28.00 30.00 NOTE
r-oldrel-osx-x86_64 1.0 NOTE

Check Details

Version: 1.0
Check: Rd files
Result: NOTE
    prepare_Rd: mvsf.Rd:16-17: Dropping empty section \details
Flavors: r-devel-linux-x86_64-debian-clang, r-devel-linux-x86_64-debian-gcc, r-devel-linux-x86_64-fedora-clang, r-devel-linux-x86_64-fedora-gcc, r-devel-windows-ix86+x86_64, r-patched-linux-x86_64, r-patched-solaris-x86, r-release-linux-x86_64, r-release-windows-ix86+x86_64, r-release-osx-x86_64, r-oldrel-windows-ix86+x86_64, r-oldrel-osx-x86_64