CRAN Package Check Results for Package nat.utils

Last updated on 2020-02-19 13:47:14 CET.

Flavor Version Tinstall Tcheck Ttotal Status Flags
r-devel-linux-x86_64-debian-clang 0.5.1 2.23 21.14 23.37 OK
r-devel-linux-x86_64-debian-gcc 0.5.1 1.68 16.83 18.51 OK
r-devel-linux-x86_64-fedora-clang 0.5.1 28.86 OK
r-devel-linux-x86_64-fedora-gcc 0.5.1 27.73 OK
r-devel-windows-ix86+x86_64 0.5.1 6.00 36.00 42.00 ERROR
r-devel-windows-ix86+x86_64-gcc8 0.5.1 11.00 48.00 59.00 ERROR
r-patched-linux-x86_64 0.5.1 1.66 19.31 20.97 OK
r-patched-solaris-x86 0.5.1 40.00 OK
r-release-linux-x86_64 0.5.1 1.64 19.21 20.85 OK
r-release-windows-ix86+x86_64 0.5.1 5.00 36.00 41.00 OK
r-release-osx-x86_64 0.5.1 OK
r-oldrel-windows-ix86+x86_64 0.5.1 3.00 35.00 38.00 OK
r-oldrel-osx-x86_64 0.5.1 OK

Check Details

Version: 0.5.1
Check: tests
Result: ERROR
     Running 'testthat.R' [4s]
    Running the tests in 'tests/testthat.R' failed.
    Complete output:
     > library(testthat)
     > test_check("nat.utils")
     Loading required package: nat.utils
     -- 1. Failure: common_path works (@test-fsutils.r#79) -------------------------
     common_path(c("/a", "/b"), normalise = T) not equal to np("/").
     1/1 mismatches
     x[1]: "d:/"
     y[1]: "D:/"
    
     == testthat results ===========================================================
     [ OK: 73 | SKIPPED: 1 | WARNINGS: 0 | FAILED: 1 ]
     1. Failure: common_path works (@test-fsutils.r#79)
    
     Error: testthat unit tests failed
     Execution halted
Flavor: r-devel-windows-ix86+x86_64

Version: 0.5.1
Check: tests
Result: ERROR
     Running 'testthat.R' [5s]
    Running the tests in 'tests/testthat.R' failed.
    Complete output:
     > library(testthat)
     > test_check("nat.utils")
     Loading required package: nat.utils
     -- 1. Failure: common_path works (@test-fsutils.r#79) -------------------------
     common_path(c("/a", "/b"), normalise = T) not equal to np("/").
     1/1 mismatches
     x[1]: "d:/"
     y[1]: "D:/"
    
     == testthat results ===========================================================
     [ OK: 73 | SKIPPED: 1 | WARNINGS: 0 | FAILED: 1 ]
     1. Failure: common_path works (@test-fsutils.r#79)
    
     Error: testthat unit tests failed
     Execution halted
Flavor: r-devel-windows-ix86+x86_64-gcc8