CRAN Package Check Results for Package nima

Last updated on 2019-09-23 13:46:24 CEST.

Flavor Version Tinstall Tcheck Ttotal Status Flags
r-devel-linux-x86_64-debian-clang 0.5.0 3.82 40.78 44.60 OK
r-devel-linux-x86_64-debian-gcc 0.5.0 3.57 31.12 34.69 OK
r-devel-linux-x86_64-fedora-clang 0.5.0 53.70 NOTE
r-devel-linux-x86_64-fedora-gcc 0.5.0 52.86 NOTE
r-devel-windows-ix86+x86_64 0.5.0 29.00 88.00 117.00 OK
r-patched-linux-x86_64 0.5.0 3.42 38.65 42.07 OK
r-patched-solaris-x86 0.5.0 89.80 NOTE
r-release-linux-x86_64 0.5.0 3.69 39.44 43.13 OK
r-release-windows-ix86+x86_64 0.5.0 24.00 82.00 106.00 OK
r-release-osx-x86_64 0.5.0 NOTE
r-oldrel-windows-ix86+x86_64 0.5.0 6.00 55.00 61.00 OK
r-oldrel-osx-x86_64 0.5.0 NOTE

Check Details

Version: 0.5.0
Check: dependencies in R code
Result: NOTE
    Namespaces in Imports field not imported from:
     ‘ProjectTemplate’ ‘devtools’ ‘plyr’ ‘survival’
     All declared Imports should be used.
Flavors: r-devel-linux-x86_64-fedora-clang, r-devel-linux-x86_64-fedora-gcc, r-patched-solaris-x86, r-release-osx-x86_64, r-oldrel-osx-x86_64