CRAN Package Check Results for Package nlcv

Last updated on 2019-08-25 13:47:14 CEST.

Flavor Version Tinstall Tcheck Ttotal Status Flags
r-devel-linux-x86_64-debian-clang 0.3.5 27.41 270.18 297.59 OK
r-devel-linux-x86_64-debian-gcc 0.3.5 23.27 210.55 233.82 OK
r-devel-linux-x86_64-fedora-clang 0.3.5 362.78 OK
r-devel-linux-x86_64-fedora-gcc 0.3.5 358.02 OK
r-devel-windows-ix86+x86_64 0.3.5 60.00 5.00 65.00 ERROR
r-patched-linux-x86_64 0.3.5 24.23 261.26 285.49 OK
r-patched-solaris-x86 0.3.5 524.80 OK
r-release-linux-x86_64 0.3.5 25.30 261.74 287.04 OK
r-release-windows-ix86+x86_64 0.3.5 69.00 416.00 485.00 OK
r-release-osx-x86_64 0.3.5 ERROR
r-oldrel-windows-ix86+x86_64 0.3.5 56.00 339.00 395.00 OK
r-oldrel-osx-x86_64 0.3.5 OK

Check Details

Version: 0.3.5
Check: whether package can be installed
Result: ERROR
    Installation failed.
Flavor: r-devel-windows-ix86+x86_64

Version: 0.3.5
Check: package dependencies
Result: ERROR
    Packages required but not available:
     'a4Core', 'MLInterfaces', 'limma', 'Biobase', 'multtest'
    
    Package suggested but not available for checking: ‘ALL’
    
    See section ‘The DESCRIPTION file’ in the ‘Writing R Extensions’
    manual.
Flavor: r-release-osx-x86_64