CRAN Package Check Results for Package nlcv

Last updated on 2020-01-28 08:00:02 CET.

Flavor Version Tinstall Tcheck Ttotal Status Flags
r-devel-linux-x86_64-debian-clang 0.3.5 31.27 307.09 338.36 OK
r-devel-linux-x86_64-debian-gcc 0.3.5 0.48 1.82 2.30 ERROR
r-devel-linux-x86_64-fedora-clang 0.3.5 419.36 OK
r-devel-linux-x86_64-fedora-gcc 0.3.5 381.58 OK
r-devel-windows-ix86+x86_64 0.3.5 52.00 397.00 449.00 OK
r-devel-windows-ix86+x86_64-gcc8 0.3.5 103.00 333.00 436.00 OK
r-patched-linux-x86_64 0.3.5 OK
r-patched-solaris-x86 0.3.5 490.90 OK
r-release-linux-x86_64 0.3.5 25.38 260.90 286.28 OK
r-release-windows-ix86+x86_64 0.3.5 46.00 276.00 322.00 OK
r-release-osx-x86_64 0.3.5 WARN
r-oldrel-windows-ix86+x86_64 0.3.5 42.00 257.00 299.00 OK
r-oldrel-osx-x86_64 0.3.5 OK

Check Details

Version: 0.3.5
Check: package dependencies
Result: ERROR
    Package required but not available: ‘MLInterfaces’
    
    See section ‘The DESCRIPTION file’ in the ‘Writing R Extensions’
    manual.
Flavor: r-devel-linux-x86_64-debian-gcc

Version: 0.3.5
Check: package dependencies
Result: NOTE
    Package suggested but not available for checking: ‘ALL’
Flavor: r-release-osx-x86_64

Version: 0.3.5
Check: whether package can be installed
Result: WARN
    Found the following significant warnings:
     Warning: package ‘AnnotationDbi’ was built under R version 3.6.1
     Warning: package ‘IRanges’ was built under R version 3.6.1
     Warning: package ‘S4Vectors’ was built under R version 3.6.1
Flavor: r-release-osx-x86_64