CRAN Package Check Results for Package nonet

Last updated on 2019-08-19 08:52:12 CEST.

Flavor Version Tinstall Tcheck Ttotal Status Flags
r-devel-linux-x86_64-debian-clang 0.4.0 12.74 189.97 202.71 OK
r-devel-linux-x86_64-debian-gcc 0.4.0 11.29 149.46 160.75 OK
r-devel-linux-x86_64-fedora-clang 0.4.0 242.16 NOTE
r-devel-linux-x86_64-fedora-gcc 0.4.0 239.02 NOTE
r-devel-windows-ix86+x86_64 0.4.0 45.00 304.00 349.00 OK
r-patched-linux-x86_64 0.4.0 12.96 184.47 197.43 OK
r-patched-solaris-x86 0.4.0 393.60 NOTE
r-release-linux-x86_64 0.4.0 12.55 183.46 196.01 OK
r-release-windows-ix86+x86_64 0.4.0 30.00 217.00 247.00 OK
r-release-osx-x86_64 0.4.0 NOTE
r-oldrel-windows-ix86+x86_64 0.4.0 20.00 256.00 276.00 OK
r-oldrel-osx-x86_64 0.4.0 NOTE

Check Details

Version: 0.4.0
Check: dependencies in R code
Result: NOTE
    Namespaces in Imports field not imported from:
     ‘dplyr’ ‘e1071’ ‘pROC’ ‘purrr’ ‘randomForest’ ‘rlang’
     All declared Imports should be used.
Flavors: r-devel-linux-x86_64-fedora-clang, r-devel-linux-x86_64-fedora-gcc, r-patched-solaris-x86, r-release-osx-x86_64, r-oldrel-osx-x86_64