CRAN Package Check Results for Package nonet

Last updated on 2019-10-17 13:46:22 CEST.

Flavor Version Tinstall Tcheck Ttotal Status Flags
r-devel-linux-x86_64-debian-clang 0.4.0 13.06 186.73 199.79 OK
r-devel-linux-x86_64-debian-gcc 0.4.0 10.23 148.27 158.50 OK
r-devel-linux-x86_64-fedora-clang 0.4.0 240.40 NOTE
r-devel-linux-x86_64-fedora-gcc 0.4.0 247.22 NOTE
r-devel-windows-ix86+x86_64 0.4.0 58.00 290.00 348.00 OK
r-patched-linux-x86_64 0.4.0 10.67 181.16 191.83 OK
r-patched-solaris-x86 0.4.0 386.60 NOTE
r-release-linux-x86_64 0.4.0 10.79 182.53 193.32 OK
r-release-windows-ix86+x86_64 0.4.0 30.00 278.00 308.00 OK
r-release-osx-x86_64 0.4.0 NOTE
r-oldrel-windows-ix86+x86_64 0.4.0 18.00 204.00 222.00 OK
r-oldrel-osx-x86_64 0.4.0 NOTE

Check Details

Version: 0.4.0
Check: dependencies in R code
Result: NOTE
    Namespaces in Imports field not imported from:
     ‘dplyr’ ‘e1071’ ‘pROC’ ‘purrr’ ‘randomForest’ ‘rlang’
     All declared Imports should be used.
Flavors: r-devel-linux-x86_64-fedora-clang, r-devel-linux-x86_64-fedora-gcc, r-patched-solaris-x86, r-release-osx-x86_64, r-oldrel-osx-x86_64