CRAN Package Check Results for Package nscancor

Last updated on 2020-01-26 13:47:33 CET.

Flavor Version Tinstall Tcheck Ttotal Status Flags
r-devel-linux-x86_64-debian-clang 0.6.1-25 2.21 32.68 34.89 OK
r-devel-linux-x86_64-debian-gcc 0.6.1-25 1.78 24.72 26.50 OK
r-devel-linux-x86_64-fedora-clang 0.6.1-25 41.39 OK
r-devel-linux-x86_64-fedora-gcc 0.6.1-25 39.79 OK
r-devel-windows-ix86+x86_64 0.6.1-25 8.00 62.00 70.00 OK
r-devel-windows-ix86+x86_64-gcc8 0.6.1-25 7.00 46.00 53.00 OK
r-patched-linux-x86_64 0.6.1-25 1.82 28.83 30.65 OK
r-patched-solaris-x86 0.6.1-25 55.90 OK
r-release-linux-x86_64 0.6.1-25 1.84 28.10 29.94 OK
r-release-windows-ix86+x86_64 0.6.1-25 4.00 49.00 53.00 OK
r-release-osx-x86_64 0.6.1-25 NOTE
r-oldrel-windows-ix86+x86_64 0.6.1-25 2.00 42.00 44.00 OK
r-oldrel-osx-x86_64 0.6.1-25 OK

Check Details

Version: 0.6.1-25
Check: package dependencies
Result: NOTE
    Package suggested but not available for checking: ‘PMA’
Flavor: r-release-osx-x86_64