CRAN Package Check Results for Package oceanis

Last updated on 2019-09-15 07:48:49 CEST.

Flavor Version Tinstall Tcheck Ttotal Status Flags
r-devel-linux-x86_64-debian-clang 1.0.1 41.96 231.91 273.87 OK
r-devel-linux-x86_64-debian-gcc 1.0.1 37.88 179.99 217.87 OK
r-devel-linux-x86_64-fedora-clang 1.0.1 326.31 NOTE
r-devel-linux-x86_64-fedora-gcc 1.0.1 329.49 NOTE
r-devel-windows-ix86+x86_64 1.0.1 103.00 291.00 394.00 OK
r-patched-linux-x86_64 1.0.1 44.92 232.21 277.13 NOTE
r-patched-solaris-x86 1.0.1 416.60 NOTE
r-release-linux-x86_64 1.0.1 41.93 230.12 272.05 NOTE
r-release-windows-ix86+x86_64 1.0.1 57.00 216.00 273.00 OK
r-release-osx-x86_64 1.0.1 NOTE
r-oldrel-windows-ix86+x86_64 1.0.1 73.00 283.00 356.00 OK
r-oldrel-osx-x86_64 1.0.1 NOTE

Check Details

Version: 1.0.1
Check: dependencies in R code
Result: NOTE
    Namespaces in Imports field not imported from:
     ‘readODS’ ‘xlsx’
     All declared Imports should be used.
Flavors: r-devel-linux-x86_64-fedora-clang, r-devel-linux-x86_64-fedora-gcc, r-patched-solaris-x86, r-release-osx-x86_64, r-oldrel-osx-x86_64

Version: 1.0.1
Check: DESCRIPTION meta-information
Result: NOTE
    Dependence on R version ‘3.4.4’ not with patchlevel 0
Flavors: r-patched-linux-x86_64, r-release-linux-x86_64