CRAN Package Check Results for Package oceanis

Last updated on 2020-01-21 13:49:19 CET.

Flavor Version Tinstall Tcheck Ttotal Status Flags
r-devel-linux-x86_64-debian-clang 1.0.6 49.87 266.20 316.07 OK
r-devel-linux-x86_64-debian-gcc 1.0.6 41.30 197.95 239.25 OK
r-devel-linux-x86_64-fedora-clang 1.0.6 368.66 NOTE
r-devel-linux-x86_64-fedora-gcc 1.0.6 364.35 NOTE
r-devel-windows-ix86+x86_64 1.0.6 118.00 324.00 442.00 OK
r-devel-windows-ix86+x86_64-gcc8 1.0.6 104.00 262.00 366.00 OK
r-patched-linux-x86_64 1.0.6 44.14 227.71 271.85 OK
r-patched-solaris-x86 1.0.6 445.60 NOTE
r-release-linux-x86_64 1.0.6 40.96 229.12 270.08 OK
r-release-windows-ix86+x86_64 1.0.6 57.00 266.00 323.00 OK
r-release-osx-x86_64 1.0.6 NOTE
r-oldrel-windows-ix86+x86_64 1.0.6 48.00 204.00 252.00 OK
r-oldrel-osx-x86_64 1.0.6 NOTE

Check Details

Version: 1.0.6
Check: dependencies in R code
Result: NOTE
    Namespaces in Imports field not imported from:
     ‘readODS’ ‘xlsx’
     All declared Imports should be used.
Flavors: r-devel-linux-x86_64-fedora-clang, r-devel-linux-x86_64-fedora-gcc, r-patched-solaris-x86, r-release-osx-x86_64, r-oldrel-osx-x86_64