CRAN Package Check Results for Package odpc

Last updated on 2020-01-25 13:46:46 CET.

Flavor Version Tinstall Tcheck Ttotal Status Flags
r-devel-linux-x86_64-debian-clang 2.0.1 44.93 57.91 102.84 WARN --no-tests
r-devel-linux-x86_64-debian-gcc 2.0.1 29.63 44.46 74.09 WARN --no-tests
r-devel-linux-x86_64-fedora-clang 2.0.1 201.53 WARN
r-devel-linux-x86_64-fedora-gcc 2.0.1 188.98 WARN
r-devel-windows-ix86+x86_64 2.0.1 100.00 295.00 395.00 NOTE
r-devel-windows-ix86+x86_64-gcc8 2.0.1 114.00 257.00 371.00 NOTE
r-patched-linux-x86_64 2.0.1 31.92 50.59 82.51 OK --no-tests
r-patched-solaris-x86 2.0.1 242.00 OK
r-release-linux-x86_64 2.0.1 35.20 49.38 84.58 OK --no-tests
r-release-windows-ix86+x86_64 2.0.1 77.00 331.00 408.00 OK
r-release-osx-x86_64 2.0.1 OK
r-oldrel-windows-ix86+x86_64 2.0.1 62.00 197.00 259.00 OK
r-oldrel-osx-x86_64 2.0.1 OK

Check Details

Version: 2.0.1
Flags: --no-tests
Check: whether package can be installed
Result: WARN
    Found the following significant warnings:
     'config' variable 'CPP' is deprecated
     'config' variable 'CXXCPP' is deprecated
Flavors: r-devel-linux-x86_64-debian-clang, r-devel-linux-x86_64-debian-gcc

Version: 2.0.1
Flags: --no-tests
Check: use of PKG_*FLAGS in Makefiles
Result: NOTE
     PKG_CFLAGS set in 'src/Makevars.in' without any corresponding files
Flavors: r-devel-linux-x86_64-debian-clang, r-devel-linux-x86_64-debian-gcc

Version: 2.0.1
Check: whether package can be installed
Result: WARN
    Found the following significant warnings:
     'config' variable 'CPP' is deprecated
     'config' variable 'CXXCPP' is deprecated
Flavors: r-devel-linux-x86_64-fedora-clang, r-devel-linux-x86_64-fedora-gcc

Version: 2.0.1
Check: top-level files
Result: NOTE
    ‘cleanup’: /bin/bash is not portable
Flavors: r-devel-linux-x86_64-fedora-clang, r-devel-linux-x86_64-fedora-gcc

Version: 2.0.1
Check: use of PKG_*FLAGS in Makefiles
Result: NOTE
     PKG_CFLAGS set in ‘src/Makevars’ without any corresponding files
     PKG_CFLAGS set in ‘src/Makevars.in’ without any corresponding files
Flavors: r-devel-linux-x86_64-fedora-clang, r-devel-linux-x86_64-fedora-gcc

Version: 2.0.1
Check: use of PKG_*FLAGS in Makefiles
Result: NOTE
     PKG_CFLAGS set in 'src/Makevars.in' without any corresponding files
Flavors: r-devel-windows-ix86+x86_64, r-devel-windows-ix86+x86_64-gcc8