CRAN Package Check Results for Package odpc

Last updated on 2019-08-23 13:46:58 CEST.

Flavor Version Tinstall Tcheck Ttotal Status Flags
r-devel-linux-x86_64-debian-clang 2.0.1 35.84 53.50 89.34 NOTE --no-tests
r-devel-linux-x86_64-debian-gcc 2.0.1 NOTE --no-tests
r-devel-linux-x86_64-fedora-clang 2.0.1 192.51 NOTE
r-devel-linux-x86_64-fedora-gcc 2.0.1 183.37 NOTE
r-devel-windows-ix86+x86_64 2.0.1 72.00 309.00 381.00 NOTE
r-patched-linux-x86_64 2.0.1 33.16 51.29 84.45 OK --no-tests
r-patched-solaris-x86 2.0.1 217.50 ERROR
r-release-linux-x86_64 2.0.1 31.20 51.17 82.37 OK --no-tests
r-release-windows-ix86+x86_64 2.0.1 99.00 268.00 367.00 OK
r-release-osx-x86_64 2.0.1 OK
r-oldrel-windows-ix86+x86_64 2.0.1 86.00 254.00 340.00 OK
r-oldrel-osx-x86_64 2.0.1 OK

Check Details

Version: 2.0.1
Flags: --no-tests
Check: use of PKG_*FLAGS in Makefiles
Result: NOTE
     PKG_CFLAGS set in 'src/Makevars.in' without any corresponding files
Flavors: r-devel-linux-x86_64-debian-clang, r-devel-linux-x86_64-debian-gcc

Version: 2.0.1
Check: use of PKG_*FLAGS in Makefiles
Result: NOTE
     PKG_CFLAGS set in ‘src/Makevars’ without any corresponding files
     PKG_CFLAGS set in ‘src/Makevars.in’ without any corresponding files
Flavors: r-devel-linux-x86_64-fedora-clang, r-devel-linux-x86_64-fedora-gcc

Version: 2.0.1
Check: use of PKG_*FLAGS in Makefiles
Result: NOTE
     PKG_CFLAGS set in 'src/Makevars.in' without any corresponding files
Flavor: r-devel-windows-ix86+x86_64

Version: 2.0.1
Check: examples
Result: ERROR
    Running examples in ‘odpc-Ex.R’ failed
    The error most likely occurred in:
    
    > ### Name: cv.odpc
    > ### Title: Automatic Choice of Tuning Parameters for One-Sided Dynamic
    > ### Principal Components via Cross-Validation
    > ### Aliases: cv.odpc
    >
    > ### ** Examples
    >
    > T <- 50 #length of series
    > m <- 10 #number of series
    > set.seed(1234)
    > f <- rnorm(T + 1)
    > x <- matrix(0, T, m)
    > u <- matrix(rnorm(T * m), T, m)
    > for (i in 1:m) {
    + x[, i] <- 10 * sin(2 * pi * (i/m)) * f[1:T] + 10 * cos(2 * pi * (i/m)) * f[2:(T + 1)] + u[, i]
    + }
    > # Choose parameters to perform a one step ahead forecast. Use 1 or 2 lags, only one component
    > # and a window size of 2 (artificially small to keep computation time low). Use two cores for the
    > # loop over k, two cores for the loop over the window
    > fit <- cv.odpc(x, h=1, k_list = 1:2, max_num_comp = 1, window_size = 2, ncores_k = 2, ncores_w = 2)
    
    Execution halted
Flavor: r-patched-solaris-x86