Last updated on 2021-02-27 07:53:54 CET.
Flavor | Version | Tinstall | Tcheck | Ttotal | Status | Flags |
---|---|---|---|---|---|---|
r-devel-linux-x86_64-debian-clang | 0.3.16 | 19.15 | 97.33 | 116.48 | OK | |
r-devel-linux-x86_64-debian-gcc | 0.3.16 | 13.80 | 73.29 | 87.09 | OK | |
r-devel-linux-x86_64-fedora-clang | 0.3.16 | 149.96 | OK | |||
r-devel-linux-x86_64-fedora-gcc | 0.3.16 | 143.62 | OK | |||
r-devel-windows-ix86+x86_64 | 0.3.16 | 25.00 | 105.00 | 130.00 | OK | |
r-patched-linux-x86_64 | 0.3.16 | 16.50 | 92.41 | 108.91 | OK | |
r-patched-solaris-x86 | 0.3.16 | 179.60 | NOTE | |||
r-release-linux-x86_64 | 0.3.16 | 17.98 | 92.42 | 110.40 | OK | |
r-release-macos-x86_64 | 0.3.16 | OK | ||||
r-release-windows-ix86+x86_64 | 0.3.16 | 25.00 | 138.00 | 163.00 | OK | |
r-oldrel-macos-x86_64 | 0.3.16 | OK | ||||
r-oldrel-windows-ix86+x86_64 | 0.3.16 | 19.00 | 144.00 | 163.00 | OK |
Version: 0.3.16
Check: package dependencies
Result: NOTE
Package suggested but not available for checking: ‘rsvg’
Flavor: r-patched-solaris-x86