CRAN Package Check Results for Package oncrawlR

Last updated on 2020-10-01 13:49:17 CEST.

Flavor Version Tinstall Tcheck Ttotal Status Flags
r-devel-linux-x86_64-debian-clang 0.2.0 3.71 33.88 37.59 OK
r-devel-linux-x86_64-debian-gcc 0.2.0 3.04 26.83 29.87 OK
r-devel-linux-x86_64-fedora-clang 0.2.0 52.86 NOTE
r-devel-linux-x86_64-fedora-gcc 0.2.0 43.51 NOTE
r-devel-windows-ix86+x86_64 0.2.0 9.00 46.00 55.00 OK
r-patched-linux-x86_64 0.2.0 2.37 31.89 34.26 OK
r-patched-solaris-x86 0.2.0 66.00 NOTE
r-release-linux-x86_64 0.2.0 3.31 32.61 35.92 OK
r-release-macos-x86_64 0.2.0 NOTE
r-release-windows-ix86+x86_64 0.2.0 14.00 51.00 65.00 OK
r-oldrel-macos-x86_64 0.2.0 NOTE
r-oldrel-windows-ix86+x86_64 0.2.0 7.00 52.00 59.00 OK

Check Details

Version: 0.2.0
Check: package dependencies
Result: NOTE
    Imports includes 21 non-default packages.
    Importing from so many packages makes the package vulnerable to any of
    them becoming unavailable. Move as many as possible to Suggests and
    use conditionally.
Flavor: r-devel-linux-x86_64-fedora-clang

Version: 0.2.0
Check: dependencies in R code
Result: NOTE
    Namespaces in Imports field not imported from:
     ‘e1071’ ‘fs’ ‘pdp’
     All declared Imports should be used.
Flavors: r-devel-linux-x86_64-fedora-clang, r-devel-linux-x86_64-fedora-gcc, r-patched-solaris-x86, r-release-macos-x86_64, r-oldrel-macos-x86_64