CRAN Package Check Results for Package opendotaR

Last updated on 2021-01-20 06:46:55 CET.

Flavor Version Tinstall Tcheck Ttotal Status Flags
r-devel-linux-x86_64-debian-clang 0.1.4 1.88 21.28 23.16 OK
r-devel-linux-x86_64-debian-gcc 0.1.4 1.60 17.47 19.07 OK
r-devel-linux-x86_64-fedora-clang 0.1.4 37.34 NOTE
r-devel-linux-x86_64-fedora-gcc 0.1.4 28.22 NOTE
r-devel-windows-ix86+x86_64 0.1.4 4.00 30.00 34.00 OK
r-patched-linux-x86_64 0.1.4 1.84 21.00 22.84 OK
r-patched-solaris-x86 0.1.4 43.00 NOTE
r-release-linux-x86_64 0.1.4 1.87 21.08 22.95 OK
r-release-macos-x86_64 0.1.4 NOTE
r-release-windows-ix86+x86_64 0.1.4 4.00 31.00 35.00 OK
r-oldrel-macos-x86_64 0.1.4 NOTE
r-oldrel-windows-ix86+x86_64 0.1.4 2.00 25.00 27.00 OK

Check Details

Version: 0.1.4
Check: dependencies in R code
Result: NOTE
    Namespace in Imports field not imported from: ‘dplyr’
     All declared Imports should be used.
Flavors: r-devel-linux-x86_64-fedora-clang, r-devel-linux-x86_64-fedora-gcc, r-patched-solaris-x86, r-release-macos-x86_64, r-oldrel-macos-x86_64