CRAN Package Check Results for Package openintro

Last updated on 2021-01-25 08:48:49 CET.

Flavor Version Tinstall Tcheck Ttotal Status Flags
r-devel-linux-x86_64-debian-clang 2.0.0 15.57 123.85 139.42 OK
r-devel-linux-x86_64-debian-gcc 2.0.0 14.24 93.23 107.47 OK
r-devel-linux-x86_64-fedora-clang 2.0.0 173.36 NOTE
r-devel-linux-x86_64-fedora-gcc 2.0.0 161.13 NOTE
r-devel-windows-ix86+x86_64 2.0.0 35.00 173.00 208.00 NOTE
r-patched-linux-x86_64 2.0.0 16.38 115.78 132.16 OK
r-patched-solaris-x86 2.0.0 217.80 NOTE
r-release-linux-x86_64 2.0.0 16.93 115.87 132.80 OK
r-release-macos-x86_64 2.0.0 NOTE
r-release-windows-ix86+x86_64 2.0.0 34.00 153.00 187.00 NOTE
r-oldrel-macos-x86_64 2.0.0 NOTE
r-oldrel-windows-ix86+x86_64 2.0.0 26.00 191.00 217.00 NOTE

Check Details

Version: 2.0.0
Check: installed package size
Result: NOTE
     installed size is 6.1Mb
     sub-directories of 1Mb or more:
     data 5.2Mb
Flavors: r-devel-linux-x86_64-fedora-clang, r-devel-windows-ix86+x86_64, r-patched-solaris-x86, r-release-macos-x86_64, r-release-windows-ix86+x86_64, r-oldrel-macos-x86_64, r-oldrel-windows-ix86+x86_64

Version: 2.0.0
Check: data for non-ASCII characters
Result: NOTE
     Note: found 2518 marked UTF-8 strings
Flavors: r-devel-linux-x86_64-fedora-clang, r-devel-linux-x86_64-fedora-gcc, r-patched-solaris-x86, r-release-macos-x86_64, r-oldrel-macos-x86_64