CRAN Package Check Results for Package opera

Last updated on 2019-12-11 13:47:40 CET.

Flavor Version Tinstall Tcheck Ttotal Status Flags
r-devel-linux-x86_64-debian-clang 1.0 4.60 70.06 74.66 NOTE
r-devel-linux-x86_64-debian-gcc 1.0 4.39 53.95 58.34 NOTE
r-devel-linux-x86_64-fedora-clang 1.0 87.46 OK
r-devel-linux-x86_64-fedora-gcc 1.0 87.48 OK
r-devel-windows-ix86+x86_64 1.0 9.00 100.00 109.00 NOTE
r-devel-windows-ix86+x86_64-gcc8 1.0 11.00 107.00 118.00 NOTE
r-patched-linux-x86_64 1.0 3.67 62.28 65.95 OK
r-patched-solaris-x86 1.0 113.50 OK
r-release-linux-x86_64 1.0 4.76 62.28 67.04 OK
r-release-windows-ix86+x86_64 1.0 7.00 73.00 80.00 OK
r-release-osx-x86_64 1.0 OK
r-oldrel-windows-ix86+x86_64 1.0 5.00 78.00 83.00 OK
r-oldrel-osx-x86_64 1.0 OK

Additional issues

noLD

Check Details

Version: 1.0
Check: package vignettes
Result: NOTE
    Package vignette with placeholder title 'Vignette Title':
     'opera-vignette.Rmd'
Flavors: r-devel-linux-x86_64-debian-clang, r-devel-linux-x86_64-debian-gcc, r-devel-windows-ix86+x86_64, r-devel-windows-ix86+x86_64-gcc8