CRAN Package Check Results for Package opera

Last updated on 2019-08-22 13:46:18 CEST.

Flavor Version Tinstall Tcheck Ttotal Status Flags
r-devel-linux-x86_64-debian-clang 1.0 5.62 62.93 68.55 NOTE
r-devel-linux-x86_64-debian-gcc 1.0 4.39 48.88 53.27 NOTE
r-devel-linux-x86_64-fedora-clang 1.0 78.99 OK
r-devel-linux-x86_64-fedora-gcc 1.0 79.47 OK
r-devel-windows-ix86+x86_64 1.0 11.00 95.00 106.00 NOTE
r-patched-linux-x86_64 1.0 3.28 60.84 64.12 OK
r-patched-solaris-x86 1.0 113.20 OK
r-release-linux-x86_64 1.0 4.49 60.85 65.34 OK
r-release-windows-ix86+x86_64 1.0 12.00 99.00 111.00 OK
r-release-osx-x86_64 1.0 OK
r-oldrel-windows-ix86+x86_64 1.0 9.00 98.00 107.00 OK
r-oldrel-osx-x86_64 1.0 OK

Additional issues

noLD

Check Details

Version: 1.0
Check: package vignettes
Result: NOTE
    Package vignette with placeholder title 'Vignette Title':
     'opera-vignette.Rmd'
Flavors: r-devel-linux-x86_64-debian-clang, r-devel-linux-x86_64-debian-gcc, r-devel-windows-ix86+x86_64