CRAN Package Check Results for Package optCluster

Last updated on 2019-12-13 11:49:52 CET.

Flavor Version Tinstall Tcheck Ttotal Status Flags
r-devel-linux-x86_64-debian-clang 1.2.0 5.73 39.15 44.88 OK
r-devel-linux-x86_64-debian-gcc 1.2.0 4.35 30.75 35.10 OK
r-devel-linux-x86_64-fedora-clang 1.2.0 33.01 OK
r-devel-linux-x86_64-fedora-gcc 1.2.0 33.50 OK
r-devel-windows-ix86+x86_64 1.1.1 10.00 68.00 78.00 OK
r-devel-windows-ix86+x86_64-gcc8 1.1.1 14.00 75.00 89.00 OK
r-patched-linux-x86_64 1.2.0 4.52 35.34 39.86 OK
r-patched-solaris-x86 1.2.0 69.00 OK
r-release-linux-x86_64 1.2.0 4.67 35.17 39.84 OK
r-release-windows-ix86+x86_64 1.2.0 14.00 71.00 85.00 OK
r-release-osx-x86_64 1.2.0 NOTE
r-oldrel-windows-ix86+x86_64 1.2.0 9.00 52.00 61.00 OK
r-oldrel-osx-x86_64 1.2.0 NOTE

Check Details

Version: 1.2.0
Check: package dependencies
Result: NOTE
    Packages suggested but not available for checking:
     'GO.db', 'org.At.tair.db'
Flavor: r-release-osx-x86_64

Version: 1.2.0
Check: package dependencies
Result: NOTE
    Package suggested but not available for checking: ‘org.At.tair.db’
Flavor: r-oldrel-osx-x86_64