CRAN Package Check Results for Package optCluster

Last updated on 2020-07-01 13:49:59 CEST.

Flavor Version Tinstall Tcheck Ttotal Status Flags
r-devel-linux-x86_64-debian-clang 1.3.0 6.92 46.28 53.20 OK
r-devel-linux-x86_64-debian-gcc 1.3.0 5.72 36.16 41.88 OK
r-devel-linux-x86_64-fedora-clang 1.3.0 75.46 OK
r-devel-linux-x86_64-fedora-gcc 1.3.0 64.18 OK
r-devel-windows-ix86+x86_64 1.3.0 23.00 56.00 79.00 OK
r-patched-linux-x86_64 1.3.0 6.86 46.18 53.04 OK
r-patched-solaris-x86 1.3.0 93.50 OK
r-release-linux-x86_64 1.3.0 6.45 48.18 54.63 OK
r-release-osx-x86_64 1.3.0 NOTE
r-release-windows-ix86+x86_64 1.3.0 13.00 61.00 74.00 OK
r-oldrel-osx-x86_64 1.3.0 NOTE
r-oldrel-windows-ix86+x86_64 1.3.0 15.00 77.00 92.00 OK

Check Details

Version: 1.3.0
Check: package dependencies
Result: NOTE
    Package suggested but not available for checking: ‘org.At.tair.db’
Flavor: r-release-osx-x86_64

Version: 1.3.0
Check: package dependencies
Result: NOTE
    Packages suggested but not available for checking:
     'GO.db', 'org.At.tair.db'
Flavor: r-oldrel-osx-x86_64