CRAN Package Check Results for Package optrcdmaeAT

Last updated on 2019-08-23 13:46:58 CEST.

Flavor Version Tinstall Tcheck Ttotal Status Flags
r-devel-linux-x86_64-debian-clang 1.0.0 10.48 63.82 74.30 NOTE
r-devel-linux-x86_64-debian-gcc 1.0.0 NOTE
r-devel-linux-x86_64-fedora-clang 1.0.0 89.96 NOTE
r-devel-linux-x86_64-fedora-gcc 1.0.0 91.67 NOTE
r-devel-windows-ix86+x86_64 1.0.0 16.00 67.00 83.00 OK
r-patched-linux-x86_64 1.0.0 9.67 64.12 73.79 OK
r-patched-solaris-x86 1.0.0 163.60 OK
r-release-linux-x86_64 1.0.0 9.88 63.41 73.29 OK
r-release-windows-ix86+x86_64 1.0.0 20.00 97.00 117.00 OK
r-release-osx-x86_64 1.0.0 FAIL
r-oldrel-windows-ix86+x86_64 1.0.0 14.00 89.00 103.00 OK
r-oldrel-osx-x86_64 1.0.0 OK

Check Details

Version: 1.0.0
Check: for non-standard things in the check directory
Result: NOTE
    Found the following files/directories:
     'Graph_layout_Doptrcd_trtE'
Flavors: r-devel-linux-x86_64-debian-clang, r-devel-linux-x86_64-debian-gcc, r-devel-linux-x86_64-fedora-clang, r-devel-linux-x86_64-fedora-gcc

Version: 1.0.0
Check: whether package can be installed
Result: FAIL
    
Flavor: r-release-osx-x86_64