CRAN Package Check Results for Package optrcdmaeAT

Last updated on 2020-01-25 13:46:47 CET.

Flavor Version Tinstall Tcheck Ttotal Status Flags
r-devel-linux-x86_64-debian-clang 1.0.0 10.51 70.32 80.83 NOTE
r-devel-linux-x86_64-debian-gcc 1.0.0 9.58 54.67 64.25 NOTE
r-devel-linux-x86_64-fedora-clang 1.0.0 99.25 NOTE
r-devel-linux-x86_64-fedora-gcc 1.0.0 97.64 NOTE
r-devel-windows-ix86+x86_64 1.0.0 25.00 105.00 130.00 OK
r-devel-windows-ix86+x86_64-gcc8 1.0.0 28.00 111.00 139.00 OK
r-patched-linux-x86_64 1.0.0 8.85 63.34 72.19 OK
r-patched-solaris-x86 1.0.0 136.00 OK
r-release-linux-x86_64 1.0.0 10.47 63.26 73.73 OK
r-release-windows-ix86+x86_64 1.0.0 15.00 100.00 115.00 OK
r-release-osx-x86_64 1.0.0 FAIL
r-oldrel-windows-ix86+x86_64 1.0.0 10.00 99.00 109.00 OK
r-oldrel-osx-x86_64 1.0.0 OK

Check Details

Version: 1.0.0
Check: for non-standard things in the check directory
Result: NOTE
    Found the following files/directories:
     'Graph_layout_Doptrcd_trtE'
Flavors: r-devel-linux-x86_64-debian-clang, r-devel-linux-x86_64-debian-gcc, r-devel-linux-x86_64-fedora-clang, r-devel-linux-x86_64-fedora-gcc

Version: 1.0.0
Check: whether package can be installed
Result: FAIL
Flavor: r-release-osx-x86_64