CRAN Package Check Results for Package ordBTL

Last updated on 2019-11-14 08:46:23 CET.

Flavor Version Tinstall Tcheck Ttotal Status Flags
r-devel-linux-x86_64-debian-clang 0.8 12.51 136.80 149.31 NOTE
r-devel-linux-x86_64-debian-gcc 0.8 10.25 99.61 109.86 NOTE
r-devel-linux-x86_64-fedora-clang 0.8 171.99 NOTE
r-devel-linux-x86_64-fedora-gcc 0.8 174.76 NOTE
r-devel-windows-ix86+x86_64 0.8 50.00 143.00 193.00 NOTE
r-patched-linux-x86_64 0.8 11.17 126.51 137.68 NOTE
r-patched-solaris-x86 0.8 269.20 NOTE
r-release-linux-x86_64 0.8 10.77 129.69 140.46 NOTE
r-release-windows-ix86+x86_64 0.8 28.00 139.00 167.00 NOTE
r-release-osx-x86_64 0.8 NOTE
r-oldrel-windows-ix86+x86_64 0.8 17.00 192.00 209.00 NOTE
r-oldrel-osx-x86_64 0.8 NOTE

Check Details

Version: 0.8
Check: R code for possible problems
Result: NOTE
    BTLboost: no visible global function definition for 'as.formula'
    design: no visible global function definition for 'as.formula'
    wide2long: no visible global function definition for 'reshape'
    Undefined global functions or variables:
     as.formula reshape
    Consider adding
     importFrom("stats", "as.formula", "reshape")
    to your NAMESPACE file.
Flavors: r-devel-linux-x86_64-debian-clang, r-devel-linux-x86_64-debian-gcc, r-devel-linux-x86_64-fedora-clang, r-devel-linux-x86_64-fedora-gcc, r-devel-windows-ix86+x86_64, r-patched-linux-x86_64, r-patched-solaris-x86, r-release-linux-x86_64, r-release-windows-ix86+x86_64, r-release-osx-x86_64, r-oldrel-windows-ix86+x86_64, r-oldrel-osx-x86_64