CRAN Package Check Results for Package origami

Last updated on 2021-03-07 06:48:11 CET.

Flavor Version Tinstall Tcheck Ttotal Status Flags
r-devel-linux-x86_64-debian-clang 1.0.3 3.65 80.41 84.06 OK
r-devel-linux-x86_64-debian-gcc 1.0.3 2.75 57.45 60.20 OK
r-devel-linux-x86_64-fedora-clang 1.0.3 107.06 NOTE
r-devel-linux-x86_64-fedora-gcc 1.0.3 98.16 OK
r-devel-windows-ix86+x86_64 1.0.3 8.00 114.00 122.00 OK
r-devel-windows-x86_64-gcc10-UCRT 1.0.3 OK
r-patched-linux-x86_64 1.0.3 3.53 78.40 81.93 OK
r-patched-solaris-x86 1.0.3 136.70 OK
r-release-linux-x86_64 1.0.3 2.72 78.28 81.00 OK
r-release-macos-x86_64 1.0.3 OK
r-release-windows-ix86+x86_64 1.0.3 5.00 80.00 85.00 OK
r-oldrel-macos-x86_64 1.0.3 OK
r-oldrel-windows-ix86+x86_64 1.0.3 4.00 73.00 77.00 OK

Check Details

Version: 1.0.3
Check: Rd cross-references
Result: NOTE
    Undeclared package ‘glmnet’ in Rd xrefs
Flavor: r-devel-linux-x86_64-fedora-clang