CRAN Package Check Results for Package packager

Last updated on 2021-04-11 06:47:07 CEST.

Flavor Version Tinstall Tcheck Ttotal Status Flags
r-devel-linux-x86_64-debian-clang 1.11.1 5.24 208.17 213.41 NOTE
r-devel-linux-x86_64-debian-gcc 1.11.1 4.56 158.54 163.10 NOTE
r-devel-linux-x86_64-fedora-clang 1.11.1 262.69 NOTE
r-devel-linux-x86_64-fedora-gcc 1.11.1 309.85 NOTE
r-devel-windows-ix86+x86_64 1.11.1 10.00 272.00 282.00 NOTE
r-devel-windows-x86_64-gcc10-UCRT 1.11.1 NOTE
r-patched-linux-x86_64 1.11.1 4.79 211.08 215.87 OK
r-patched-solaris-x86 1.11.1 394.20 OK
r-release-linux-x86_64 1.11.1 6.01 211.35 217.36 OK
r-release-macos-x86_64 1.11.1 OK
r-release-windows-ix86+x86_64 1.11.1 11.00 346.00 357.00 OK
r-oldrel-macos-x86_64 1.11.1 OK
r-oldrel-windows-ix86+x86_64 1.11.1 10.00 351.00 361.00 OK

Check Details

Version: 1.11.1
Check: LazyData
Result: NOTE
     'LazyData' is specified without a 'data' directory
Flavors: r-devel-linux-x86_64-debian-clang, r-devel-linux-x86_64-debian-gcc, r-devel-linux-x86_64-fedora-clang, r-devel-linux-x86_64-fedora-gcc, r-devel-windows-ix86+x86_64, r-devel-windows-x86_64-gcc10-UCRT

Version: 1.11.1
Check: for non-standard things in the check directory
Result: NOTE
    Found the following files/directories:
     ‘veryImportantPackage’
Flavor: r-devel-linux-x86_64-fedora-gcc