CRAN Package Check Results for Package palaeoSig

Last updated on 2021-01-15 07:50:53 CET.

Flavor Version Tinstall Tcheck Ttotal Status Flags
r-devel-linux-x86_64-debian-clang 2.0-3 11.39 551.59 562.98 OK
r-devel-linux-x86_64-debian-gcc 2.0-3 9.79 375.22 385.01 OK
r-devel-linux-x86_64-fedora-clang 2.0-3 657.06 NOTE
r-devel-linux-x86_64-fedora-gcc 2.0-3 654.08 OK
r-devel-windows-ix86+x86_64 2.0-3 27.00 697.00 724.00 OK
r-patched-linux-x86_64 2.0-3 11.53 526.20 537.73 OK
r-patched-solaris-x86 2.0-3 987.60 OK
r-release-linux-x86_64 2.0-3 11.52 531.77 543.29 OK
r-release-macos-x86_64 2.0-3 OK
r-release-windows-ix86+x86_64 2.0-3 22.00 579.00 601.00 OK
r-oldrel-macos-x86_64 2.0-3 OK
r-oldrel-windows-ix86+x86_64 2.0-3 17.00 562.00 579.00 OK

Check Details

Version: 2.0-3
Check: Rd cross-references
Result: NOTE
    Undeclared package ‘analogue’ in Rd xrefs
Flavor: r-devel-linux-x86_64-fedora-clang