CRAN Package Check Results for Package paletteer

Last updated on 2019-08-25 13:47:15 CEST.

Flavor Version Tinstall Tcheck Ttotal Status Flags
r-devel-linux-x86_64-debian-clang 0.2.1 2.14 25.08 27.22 OK
r-devel-linux-x86_64-debian-gcc 0.2.1 2.05 20.20 22.25 OK
r-devel-linux-x86_64-fedora-clang 0.2.1 34.81 NOTE
r-devel-linux-x86_64-fedora-gcc 0.2.1 33.35 NOTE
r-devel-windows-ix86+x86_64 0.2.1 9.00 36.00 45.00 OK
r-patched-linux-x86_64 0.2.1 1.97 25.03 27.00 OK
r-patched-solaris-x86 0.2.1 48.80 NOTE
r-release-linux-x86_64 0.2.1 1.72 25.05 26.77 OK
r-release-windows-ix86+x86_64 0.2.1 9.00 50.00 59.00 OK
r-release-osx-x86_64 0.2.1 NOTE
r-oldrel-windows-ix86+x86_64 0.2.1 5.00 52.00 57.00 OK
r-oldrel-osx-x86_64 0.2.1 NOTE

Check Details

Version: 0.2.1
Check: dependencies in R code
Result: NOTE
    Namespaces in Imports field not imported from:
     ‘jcolors’ ‘oompaBase’ ‘palr’ ‘pals’ ‘viridisLite’
     All declared Imports should be used.
Flavors: r-devel-linux-x86_64-fedora-clang, r-devel-linux-x86_64-fedora-gcc, r-patched-solaris-x86, r-release-osx-x86_64, r-oldrel-osx-x86_64