Last updated on 2021-02-25 06:47:09 CET.
Flavor | Version | Tinstall | Tcheck | Ttotal | Status | Flags |
---|---|---|---|---|---|---|
r-devel-linux-x86_64-debian-clang | 0.0.2 | 13.49 | 141.23 | 154.72 | OK | |
r-devel-linux-x86_64-debian-gcc | 0.0.2 | 9.38 | 105.25 | 114.63 | OK | |
r-devel-linux-x86_64-fedora-clang | 0.0.2 | 191.62 | NOTE | |||
r-devel-linux-x86_64-fedora-gcc | 0.0.2 | 175.77 | NOTE | |||
r-devel-windows-ix86+x86_64 | 0.0.2 | 23.00 | 119.00 | 142.00 | OK | |
r-patched-linux-x86_64 | 0.0.2 | 13.39 | 132.75 | 146.14 | OK | |
r-patched-solaris-x86 | 0.0.2 | 246.60 | NOTE | |||
r-release-linux-x86_64 | 0.0.2 | 12.02 | 132.16 | 144.18 | OK | |
r-release-macos-x86_64 | 0.0.2 | NOTE | ||||
r-release-windows-ix86+x86_64 | 0.0.2 | 35.00 | 171.00 | 206.00 | OK | |
r-oldrel-macos-x86_64 | 0.0.2 | NOTE | ||||
r-oldrel-windows-ix86+x86_64 | 0.0.2 | 17.00 | 170.00 | 187.00 | OK |
Version: 0.0.2
Check: dependencies in R code
Result: NOTE
Namespaces in Imports field not imported from:
‘magrittr’ ‘tibble’
All declared Imports should be used.
Flavors: r-devel-linux-x86_64-fedora-clang, r-devel-linux-x86_64-fedora-gcc, r-patched-solaris-x86, r-release-macos-x86_64, r-oldrel-macos-x86_64