CRAN Package Check Results for Package parsnip

Last updated on 2021-04-11 06:47:07 CEST.

Flavor Version Tinstall Tcheck Ttotal Status Flags
r-devel-linux-x86_64-debian-clang 0.1.5 12.99 165.95 178.94 NOTE
r-devel-linux-x86_64-debian-gcc 0.1.5 10.25 128.25 138.50 NOTE
r-devel-linux-x86_64-fedora-clang 0.1.5 217.95 NOTE
r-devel-linux-x86_64-fedora-gcc 0.1.5 213.80 NOTE
r-devel-windows-ix86+x86_64 0.1.5 18.00 156.00 174.00 OK
r-devel-windows-x86_64-gcc10-UCRT 0.1.5 NOTE
r-patched-linux-x86_64 0.1.5 12.31 157.17 169.48 NOTE
r-patched-solaris-x86 0.1.5 291.10 NOTE
r-release-linux-x86_64 0.1.5 13.49 160.19 173.68 NOTE
r-release-macos-x86_64 0.1.5 OK
r-release-windows-ix86+x86_64 0.1.5 42.00 215.00 257.00 OK
r-oldrel-macos-x86_64 0.1.5 OK
r-oldrel-windows-ix86+x86_64 0.1.5 23.00 199.00 222.00 OK

Check Details

Version: 0.1.5
Check: package dependencies
Result: NOTE
    Package suggested but not available for checking: 'liquidSVM'
Flavors: r-devel-linux-x86_64-debian-clang, r-devel-linux-x86_64-debian-gcc, r-devel-linux-x86_64-fedora-clang, r-devel-linux-x86_64-fedora-gcc, r-devel-windows-x86_64-gcc10-UCRT, r-patched-linux-x86_64, r-patched-solaris-x86, r-release-linux-x86_64