CRAN Package Check Results for Package patternize

Last updated on 2019-12-11 13:47:41 CET.

Flavor Version Tinstall Tcheck Ttotal Status Flags
r-devel-linux-x86_64-debian-clang 0.0.2 20.10 173.58 193.68 OK
r-devel-linux-x86_64-debian-gcc 0.0.2 19.81 131.54 151.35 OK
r-devel-linux-x86_64-fedora-clang 0.0.2 230.62 OK
r-devel-linux-x86_64-fedora-gcc 0.0.2 228.57 OK
r-devel-windows-ix86+x86_64 0.0.2 40.00 230.00 270.00 OK
r-devel-windows-ix86+x86_64-gcc8 0.0.2 50.00 237.00 287.00 OK
r-patched-linux-x86_64 0.0.2 20.38 153.63 174.01 OK
r-patched-solaris-x86 0.0.2 334.00 OK
r-release-linux-x86_64 0.0.2 17.94 156.16 174.10 OK
r-release-windows-ix86+x86_64 0.0.2 35.00 155.00 190.00 OK
r-release-osx-x86_64 0.0.2 WARN
r-oldrel-windows-ix86+x86_64 0.0.2 21.00 150.00 171.00 OK
r-oldrel-osx-x86_64 0.0.2 OK

Check Details

Version: 0.0.2
Check: whether package can be installed
Result: WARN
    Found the following significant warnings:
     Warning: 'rgl_init' failed, running with rgl.useNULL = TRUE
Flavor: r-release-osx-x86_64