CRAN Package Check Results for Package pdR

Last updated on 2020-01-21 13:49:20 CET.

Flavor Version Tinstall Tcheck Ttotal Status Flags
r-devel-linux-x86_64-debian-clang 1.7 12.01 70.32 82.33 OK
r-devel-linux-x86_64-debian-gcc 1.7 8.11 53.74 61.85 OK
r-devel-linux-x86_64-fedora-clang 1.7 100.43 NOTE
r-devel-linux-x86_64-fedora-gcc 1.7 98.84 NOTE
r-devel-windows-ix86+x86_64 1.7 37.00 126.00 163.00 OK
r-devel-windows-ix86+x86_64-gcc8 1.7 35.00 93.00 128.00 OK
r-patched-linux-x86_64 1.7 9.43 63.66 73.09 OK
r-patched-solaris-x86 1.7 137.40 NOTE
r-release-linux-x86_64 1.7 9.64 65.07 74.71 OK
r-release-windows-ix86+x86_64 1.7 18.00 114.00 132.00 OK
r-release-osx-x86_64 1.7 NOTE
r-oldrel-windows-ix86+x86_64 1.7 12.00 80.00 92.00 OK
r-oldrel-osx-x86_64 1.7 NOTE

Check Details

Version: 1.7
Check: dependencies in R code
Result: NOTE
    Namespaces in Imports field not imported from:
     ‘car’ ‘sandwich’
     All declared Imports should be used.
Flavors: r-devel-linux-x86_64-fedora-clang, r-devel-linux-x86_64-fedora-gcc, r-patched-solaris-x86, r-release-osx-x86_64, r-oldrel-osx-x86_64