CRAN Package Check Results for Package pdR

Last updated on 2019-09-14 13:46:20 CEST.

Flavor Version Tinstall Tcheck Ttotal Status Flags
r-devel-linux-x86_64-debian-clang 1.7 9.82 64.46 74.28 OK
r-devel-linux-x86_64-debian-gcc 1.7 8.31 50.47 58.78 OK
r-devel-linux-x86_64-fedora-clang 1.7 90.77 NOTE
r-devel-linux-x86_64-fedora-gcc 1.7 89.49 NOTE
r-devel-windows-ix86+x86_64 1.7 29.00 83.00 112.00 OK
r-patched-linux-x86_64 1.7 9.84 64.70 74.54 OK
r-patched-solaris-x86 1.7 132.90 NOTE
r-release-linux-x86_64 1.7 10.55 65.07 75.62 OK
r-release-windows-ix86+x86_64 1.7 16.00 79.00 95.00 OK
r-release-osx-x86_64 1.7 NOTE
r-oldrel-windows-ix86+x86_64 1.7 21.00 71.00 92.00 OK
r-oldrel-osx-x86_64 1.7 NOTE

Check Details

Version: 1.7
Check: dependencies in R code
Result: NOTE
    Namespaces in Imports field not imported from:
     ‘car’ ‘sandwich’
     All declared Imports should be used.
Flavors: r-devel-linux-x86_64-fedora-clang, r-devel-linux-x86_64-fedora-gcc, r-patched-solaris-x86, r-release-osx-x86_64, r-oldrel-osx-x86_64