CRAN Package Check Results for Package pdxTrees

Last updated on 2021-04-13 06:46:58 CEST.

Flavor Version Tinstall Tcheck Ttotal Status Flags
r-devel-linux-x86_64-debian-clang 0.4.0 2.38 78.28 80.66 NOTE
r-devel-linux-x86_64-debian-gcc 0.4.0 1.84 57.23 59.07 NOTE
r-devel-linux-x86_64-fedora-clang 0.4.0 100.35 NOTE
r-devel-linux-x86_64-fedora-gcc 0.4.0 96.46 NOTE
r-devel-windows-ix86+x86_64 0.4.0 6.00 78.00 84.00 NOTE
r-devel-windows-x86_64-gcc10-UCRT 0.4.0 NOTE
r-patched-linux-x86_64 0.4.0 2.15 72.20 74.35 OK
r-patched-solaris-x86 0.4.0 59.00 WARN
r-release-linux-x86_64 0.4.0 2.48 72.51 74.99 OK
r-release-macos-x86_64 0.4.0 WARN
r-release-windows-ix86+x86_64 0.4.0 26.00 90.00 116.00 OK
r-oldrel-macos-x86_64 0.4.0 WARN
r-oldrel-windows-ix86+x86_64 0.4.0 4.00 75.00 79.00 OK

Check Details

Version: 0.4.0
Check: LazyData
Result: NOTE
     'LazyData' is specified without a 'data' directory
Flavors: r-devel-linux-x86_64-debian-clang, r-devel-linux-x86_64-debian-gcc, r-devel-linux-x86_64-fedora-clang, r-devel-linux-x86_64-fedora-gcc, r-devel-windows-ix86+x86_64, r-devel-windows-x86_64-gcc10-UCRT

Version: 0.4.0
Check: package dependencies
Result: NOTE
    Package suggested but not available for checking: 'gifski'
Flavors: r-devel-windows-x86_64-gcc10-UCRT, r-patched-solaris-x86

Version: 0.4.0
Check: re-building of vignette outputs
Result: WARN
    Error(s) in re-building vignettes:
     ...
    --- re-building ‘pdxTrees-vignette.Rmd’ using rmarkdown
    Warning in engine$weave(file, quiet = quiet, encoding = enc) :
     Pandoc (>= 1.12.3) and/or pandoc-citeproc not available. Falling back to R Markdown v1.
    
    Attaching package: 'dplyr'
    
    The following objects are masked from 'package:stats':
    
     filter, lag
    
    The following objects are masked from 'package:base':
    
     intersect, setdiff, setequal, union
    
    ! curl package not installed, falling back to using `url()`
    ! curl package not installed, falling back to using `url()`
    Quitting from lines 93-133 (pdxTrees-vignette.Rmd)
    Error: processing vignette 'pdxTrees-vignette.Rmd' failed with diagnostics:
    there is no package called 'webshot'
    --- failed re-building ‘pdxTrees-vignette.Rmd’
    
    SUMMARY: processing the following file failed:
     ‘pdxTrees-vignette.Rmd’
    
    Error: Vignette re-building failed.
    Execution halted
Flavor: r-patched-solaris-x86

Version: 0.4.0
Check: re-building of vignette outputs
Result: WARN
    Error(s) in re-building vignettes:
    --- re-building ‘pdxTrees-vignette.Rmd’ using rmarkdown
    Warning in engine$weave(file, quiet = quiet, encoding = enc) :
     Pandoc (>= 1.12.3) and/or pandoc-citeproc not available. Falling back to R Markdown v1.
    
    Attaching package: 'dplyr'
    
    The following objects are masked from 'package:stats':
    
     filter, lag
    
    The following objects are masked from 'package:base':
    
     intersect, setdiff, setequal, union
    
    PhantomJS not found. You can install it with webshot::install_phantomjs(). If it is installed, please make sure the phantomjs executable can be found via the PATH variable.
    Warning in normalizePath(f2) :
     path[1]="webshot15ff6fc93f26.png": No such file or directory
    Warning in file(con, "rb") :
     cannot open file 'webshot15ff6fc93f26.png': No such file or directory
    Quitting from lines 93-133 (pdxTrees-vignette.Rmd)
    Error: processing vignette 'pdxTrees-vignette.Rmd' failed with diagnostics:
    cannot open the connection
    --- failed re-building ‘pdxTrees-vignette.Rmd’
    
    SUMMARY: processing the following file failed:
     ‘pdxTrees-vignette.Rmd’
    
    Error: Vignette re-building failed.
    Execution halted
Flavor: r-release-macos-x86_64

Version: 0.4.0
Check: re-building of vignette outputs
Result: WARN
    Error(s) in re-building vignettes:
    --- re-building ‘pdxTrees-vignette.Rmd’ using rmarkdown
    Warning in engine$weave(file, quiet = quiet, encoding = enc) :
     Pandoc (>= 1.12.3) and/or pandoc-citeproc not available. Falling back to R Markdown v1.
    
    Attaching package: 'dplyr'
    
    The following objects are masked from 'package:stats':
    
     filter, lag
    
    The following objects are masked from 'package:base':
    
     intersect, setdiff, setequal, union
    
    PhantomJS not found. You can install it with webshot::install_phantomjs(). If it is installed, please make sure the phantomjs executable can be found via the PATH variable.
    Warning in normalizePath(f2) :
     path[1]="webshotf78651f8a951.png": No such file or directory
    Warning in file(con, "rb") :
     cannot open file 'webshotf78651f8a951.png': No such file or directory
    Quitting from lines 93-133 (pdxTrees-vignette.Rmd)
    Error: processing vignette 'pdxTrees-vignette.Rmd' failed with diagnostics:
    cannot open the connection
    --- failed re-building ‘pdxTrees-vignette.Rmd’
    
    SUMMARY: processing the following file failed:
     ‘pdxTrees-vignette.Rmd’
    
    Error: Vignette re-building failed.
    Execution halted
Flavor: r-oldrel-macos-x86_64